{"id":7896,"date":"2026-05-06T13:05:22","date_gmt":"2026-05-06T16:05:22","guid":{"rendered":"https:\/\/www.hospitalsanbernardo.com.ar\/web\/?post_type=product&#038;p=7896"},"modified":"2026-05-06T13:13:29","modified_gmt":"2026-05-06T16:13:29","slug":"capacitacion-en-reanimacion-cardiopulmonar-rcp-en-el-hospital-san-bernardo","status":"publish","type":"product","link":"https:\/\/www.hospitalsanbernardo.com.ar\/web\/noticias\/capacitacion-en-reanimacion-cardiopulmonar-rcp-en-el-hospital-san-bernardo\/","title":{"rendered":"Capacitaci\u00f3n en reanimaci\u00f3n cardiopulmonar (RCP) en el Hospital San Bernardo"},"content":{"rendered":"<p>Con el acompa\u00f1amiento del SAMEC, la Residencia de Enfermer\u00eda de Cuidados Cr\u00edticos del Hospital San Bernardo llev\u00f3 a cabo una clase te\u00f3rico-pr\u00e1ctica de actualizaci\u00f3n en reanimaci\u00f3n cardiopulmonar (RCP), basada en las gu\u00edas vigentes de la American Heart Association.<br \/>\nLa actividad estuvo dirigida a residentes y concurrentes de enfermer\u00eda del Hospital, y se desarroll\u00f3 en dos instancias: una etapa te\u00f3rica, orientada a la revisi\u00f3n de conceptos clave y actualizaci\u00f3n de protocolos, y una instancia pr\u00e1ctica de simulaci\u00f3n, donde los participantes pudieron entrenar habilidades t\u00e9cnicas y fortalecer la toma de decisiones en situaciones cr\u00edticas.<br \/>\nEste tipo de capacitaciones resulta fundamental para garantizar una respuesta oportuna y de calidad ante emergencias, promoviendo la seguridad del paciente y el trabajo en equipo interdisciplinario.<br \/>\nDesde el Hospital San Bernardo agradecemos especialmente al SAMEC por su colaboraci\u00f3n, compromiso y acompa\u00f1amiento en esta iniciativa.<\/p>\n<p><iframe loading=\"lazy\" title=\"CAPACITACI\u00d3N EN REANIMACI\u00d3N CARDIOPULMONAR (RCP) EN EL HOSPITAL SAN BERNARDO\" width=\"563\" height=\"1000\" src=\"https:\/\/www.youtube.com\/embed\/B1bycJBD1gY?feature=oembed\" frameborder=\"0\" allow=\"accelerometer; autoplay; clipboard-write; encrypted-media; gyroscope; picture-in-picture; web-share\" referrerpolicy=\"strict-origin-when-cross-origin\" allowfullscreen><\/iframe><\/p>\n","protected":false},"excerpt":{"rendered":"<p>Con el acompa\u00f1amiento del SAMEC, la Residencia de Enfermer\u00eda de Cuidados Cr\u00edticos del Hospital San Bernardo llev\u00f3 a cabo una clase te\u00f3rico-pr\u00e1ctica de actualizaci\u00f3n en reanimaci\u00f3n cardiopulmonar (RCP), basada en las gu\u00edas vigentes de la American Heart Association. La actividad estuvo dirigida a residentes y concurrentes de enfermer\u00eda del Hospital, y se desarroll\u00f3 en dos [&hellip;]<\/p>\n","protected":false},"featured_media":7897,"comment_status":"closed","ping_status":"closed","template":"","meta":{"_et_pb_use_builder":"","_et_pb_old_content":"","_et_gb_content_width":""},"product_cat":[18],"product_tag":[],"class_list":["post-7896","product","type-product","status-publish","has-post-thumbnail","hentry","product_cat-noticias"],"_links":{"self":[{"href":"https:\/\/www.hospitalsanbernardo.com.ar\/web\/wp-json\/wp\/v3\/product\/7896"}],"collection":[{"href":"https:\/\/www.hospitalsanbernardo.com.ar\/web\/wp-json\/wp\/v3\/product"}],"about":[{"href":"https:\/\/www.hospitalsanbernardo.com.ar\/web\/wp-json\/wp\/v2\/types\/product"}],"replies":[{"embeddable":true,"href":"https:\/\/www.hospitalsanbernardo.com.ar\/web\/wp-json\/wp\/v2\/comments?post=7896"}],"wp:featuredmedia":[{"embeddable":true,"href":"https:\/\/www.hospitalsanbernardo.com.ar\/web\/wp-json\/wp\/v2\/media\/7897"}],"wp:attachment":[{"href":"https:\/\/www.hospitalsanbernardo.com.ar\/web\/wp-json\/wp\/v2\/media?parent=7896"}],"wp:term":[{"taxonomy":"product_cat","embeddable":true,"href":"https:\/\/www.hospitalsanbernardo.com.ar\/web\/wp-json\/wp\/v2\/product_cat?post=7896"},{"taxonomy":"product_tag","embeddable":true,"href":"https:\/\/www.hospitalsanbernardo.com.ar\/web\/wp-json\/wp\/v2\/product_tag?post=7896"}],"curies":[{"name":"wp","href":"https:\/\/api.w.org\/{rel}","templated":true}]}}