{"id":7886,"date":"2026-05-06T12:58:09","date_gmt":"2026-05-06T15:58:09","guid":{"rendered":"https:\/\/www.hospitalsanbernardo.com.ar\/web\/?post_type=product&#038;p=7886"},"modified":"2026-05-06T13:04:29","modified_gmt":"2026-05-06T16:04:29","slug":"el-vacunatorio-del-hospital-san-bernardo-aplico-200-dosis-durante-la-semana-de-la-inmunizacion-y-vacunacion-en-las-americas","status":"publish","type":"product","link":"https:\/\/www.hospitalsanbernardo.com.ar\/web\/noticias\/el-vacunatorio-del-hospital-san-bernardo-aplico-200-dosis-durante-la-semana-de-la-inmunizacion-y-vacunacion-en-las-americas\/","title":{"rendered":"El Vacunatorio del Hospital San Bernardo aplic\u00f3 200 dosis durante la Semana de la Inmunizaci\u00f3n y Vacunaci\u00f3n en las Am\u00e9ricas"},"content":{"rendered":"<p>En el marco de la Semana de la Inmunizaci\u00f3n y Vacunaci\u00f3n en las Am\u00e9ricas, una iniciativa regional que tiene como objetivo promover la equidad y el acceso a la vacunaci\u00f3n en todos los pa\u00edses de la regi\u00f3n, el Vacunatorio del Hospital San Bernardo aplic\u00f3 dosis de doble adulto, hepatitis B y antigripal a la comunidad.<br \/>\nDurante esta semana, que inici\u00f3 el s\u00e1bado 25 de abril y concluy\u00f3 el s\u00e1bado 2 de mayo, el vacunatorio del Hospital recibi\u00f3 tanto a pacientes como al personal de la instituci\u00f3n. Como parte de la estrategia para facilitar el acceso, el jueves 30 de abril se instal\u00f3 un puesto de vacunaci\u00f3n en la puerta principal del Hospital. En total, se aplicaron 200 dosis.<br \/>\nEl objetivo de esta campa\u00f1a fue fortalecer la cobertura de vacunaci\u00f3n y promover la actualizaci\u00f3n de los esquemas en la poblaci\u00f3n. Asimismo, se busc\u00f3 generar conciencia sobre el rol fundamental de las vacunas en la prevenci\u00f3n de enfermedades, fomentando la participaci\u00f3n activa de la comunidad y facilitando el acceso a las mismas.<br \/>\nSe recuerda que el Vacunatorio del Hospital San Bernardo funciona las 24 horas, los 365 d\u00edas del a\u00f1o. Pueden acercarse personas mayores de 65 a\u00f1os y aquellas con factores de riesgo, con la correspondiente indicaci\u00f3n m\u00e9dica, para recibir las vacunas incluidas en el calendario vigente.<\/p>\n<p><iframe loading=\"lazy\" title=\"EL VACUNATORIO APLIC\u00d3 200 DOSIS DURANTE LA SEMANA DE LA INMUNIZACI\u00d3N Y VACUNACI\u00d3N EN LAS AM\u00c9RICAS\" width=\"1080\" height=\"608\" src=\"https:\/\/www.youtube.com\/embed\/Ncp6frlThN0?feature=oembed\" frameborder=\"0\" allow=\"accelerometer; autoplay; clipboard-write; encrypted-media; gyroscope; picture-in-picture; web-share\" referrerpolicy=\"strict-origin-when-cross-origin\" allowfullscreen><\/iframe><\/p>\n","protected":false},"excerpt":{"rendered":"<p>En el marco de la Semana de la Inmunizaci\u00f3n y Vacunaci\u00f3n en las Am\u00e9ricas, una iniciativa regional que tiene como objetivo promover la equidad y el acceso a la vacunaci\u00f3n en todos los pa\u00edses de la regi\u00f3n, el Vacunatorio del Hospital San Bernardo aplic\u00f3 dosis de doble adulto, hepatitis B y antigripal a la comunidad. [&hellip;]<\/p>\n","protected":false},"featured_media":7887,"comment_status":"closed","ping_status":"closed","template":"","meta":{"_et_pb_use_builder":"","_et_pb_old_content":"","_et_gb_content_width":""},"product_cat":[18],"product_tag":[],"class_list":["post-7886","product","type-product","status-publish","has-post-thumbnail","hentry","product_cat-noticias"],"_links":{"self":[{"href":"https:\/\/www.hospitalsanbernardo.com.ar\/web\/wp-json\/wp\/v3\/product\/7886"}],"collection":[{"href":"https:\/\/www.hospitalsanbernardo.com.ar\/web\/wp-json\/wp\/v3\/product"}],"about":[{"href":"https:\/\/www.hospitalsanbernardo.com.ar\/web\/wp-json\/wp\/v2\/types\/product"}],"replies":[{"embeddable":true,"href":"https:\/\/www.hospitalsanbernardo.com.ar\/web\/wp-json\/wp\/v2\/comments?post=7886"}],"wp:featuredmedia":[{"embeddable":true,"href":"https:\/\/www.hospitalsanbernardo.com.ar\/web\/wp-json\/wp\/v2\/media\/7887"}],"wp:attachment":[{"href":"https:\/\/www.hospitalsanbernardo.com.ar\/web\/wp-json\/wp\/v2\/media?parent=7886"}],"wp:term":[{"taxonomy":"product_cat","embeddable":true,"href":"https:\/\/www.hospitalsanbernardo.com.ar\/web\/wp-json\/wp\/v2\/product_cat?post=7886"},{"taxonomy":"product_tag","embeddable":true,"href":"https:\/\/www.hospitalsanbernardo.com.ar\/web\/wp-json\/wp\/v2\/product_tag?post=7886"}],"curies":[{"name":"wp","href":"https:\/\/api.w.org\/{rel}","templated":true}]}}