{"id":7826,"date":"2026-04-27T09:08:29","date_gmt":"2026-04-27T12:08:29","guid":{"rendered":"https:\/\/www.hospitalsanbernardo.com.ar\/web\/?post_type=product&#038;p=7826"},"modified":"2026-04-27T09:11:27","modified_gmt":"2026-04-27T12:11:27","slug":"entrega-de-premios-5o-edicion-del-bingo-del-hospital-san-bernardo","status":"publish","type":"product","link":"https:\/\/www.hospitalsanbernardo.com.ar\/web\/noticias\/entrega-de-premios-5o-edicion-del-bingo-del-hospital-san-bernardo\/","title":{"rendered":"Entrega de premios &#8211; 5\u00ba edici\u00f3n del Bingo del Hospital San Bernardo"},"content":{"rendered":"<p>Con enorme alegr\u00eda compartimos este momento tan especial: la entrega de premios a los ganadores de la 5\u00b0 edici\u00f3n del Bingo del Hospital San Bernardo.<br \/>\nEn esta edici\u00f3n se sortearon:<\/p>\n<ul>\n<li>M\u00e1s de $247.000.000 en premios<\/li>\n<li>4 autos 0 km patentados<\/li>\n<li>Notebooks<\/li>\n<li>Smart TV de 50\u201d<\/li>\n<li>Premios extras con el n\u00famero de cart\u00f3n<\/li>\n<\/ul>\n<p>El acto cont\u00f3 con la participaci\u00f3n de autoridades del Hospital, de la Fundaci\u00f3n San Bernardo y de Bingos del Norte, quienes acompa\u00f1aron este importante evento.<br \/>\nQueremos agradecer profundamente a cada persona que particip\u00f3 y colabor\u00f3. Su apoyo es fundamental para seguir fortaleciendo nuestro Hospital y mejorar la atenci\u00f3n de todos los salte\u00f1os.<\/p>\n","protected":false},"excerpt":{"rendered":"<p>Con enorme alegr\u00eda compartimos este momento tan especial: la entrega de premios a los ganadores de la 5\u00b0 edici\u00f3n del Bingo del Hospital San Bernardo. En esta edici\u00f3n se sortearon: M\u00e1s de $247.000.000 en premios 4 autos 0 km patentados Notebooks Smart TV de 50\u201d Premios extras con el n\u00famero de cart\u00f3n El acto cont\u00f3 [&hellip;]<\/p>\n","protected":false},"featured_media":7827,"comment_status":"closed","ping_status":"closed","template":"","meta":{"_et_pb_use_builder":"","_et_pb_old_content":"","_et_gb_content_width":""},"product_cat":[18],"product_tag":[],"class_list":["post-7826","product","type-product","status-publish","has-post-thumbnail","hentry","product_cat-noticias"],"_links":{"self":[{"href":"https:\/\/www.hospitalsanbernardo.com.ar\/web\/wp-json\/wp\/v3\/product\/7826"}],"collection":[{"href":"https:\/\/www.hospitalsanbernardo.com.ar\/web\/wp-json\/wp\/v3\/product"}],"about":[{"href":"https:\/\/www.hospitalsanbernardo.com.ar\/web\/wp-json\/wp\/v2\/types\/product"}],"replies":[{"embeddable":true,"href":"https:\/\/www.hospitalsanbernardo.com.ar\/web\/wp-json\/wp\/v2\/comments?post=7826"}],"wp:featuredmedia":[{"embeddable":true,"href":"https:\/\/www.hospitalsanbernardo.com.ar\/web\/wp-json\/wp\/v2\/media\/7827"}],"wp:attachment":[{"href":"https:\/\/www.hospitalsanbernardo.com.ar\/web\/wp-json\/wp\/v2\/media?parent=7826"}],"wp:term":[{"taxonomy":"product_cat","embeddable":true,"href":"https:\/\/www.hospitalsanbernardo.com.ar\/web\/wp-json\/wp\/v2\/product_cat?post=7826"},{"taxonomy":"product_tag","embeddable":true,"href":"https:\/\/www.hospitalsanbernardo.com.ar\/web\/wp-json\/wp\/v2\/product_tag?post=7826"}],"curies":[{"name":"wp","href":"https:\/\/api.w.org\/{rel}","templated":true}]}}