{"id":7797,"date":"2026-04-22T08:59:04","date_gmt":"2026-04-22T11:59:04","guid":{"rendered":"https:\/\/www.hospitalsanbernardo.com.ar\/web\/?post_type=product&#038;p=7797"},"modified":"2026-04-27T09:03:05","modified_gmt":"2026-04-27T12:03:05","slug":"jornada-por-el-dia-de-la-higiene-y-seguridad-en-el-hospital-san-bernardo","status":"publish","type":"product","link":"https:\/\/www.hospitalsanbernardo.com.ar\/web\/noticias\/jornada-por-el-dia-de-la-higiene-y-seguridad-en-el-hospital-san-bernardo\/","title":{"rendered":"Jornada por el d\u00eda de la higiene y seguridad en el Hospital San Bernardo"},"content":{"rendered":"<p>Impulsada por el Programa Ambiental de la instituci\u00f3n, y con colaboraci\u00f3n de la empresa DGM, JML Matafuegos y la Residencia de Enfermer\u00eda en Cuidados Cr\u00edticos, se realiz\u00f3 una jornada de promoci\u00f3n y educaci\u00f3n destinada a fortalecer el cuidado de la salud en el \u00e1mbito laboral.<br \/>\nDurante esta actividad se dispusieron stands informativos sobre gesti\u00f3n ambiental, gesti\u00f3n del riesgo, elementos de protecci\u00f3n personal y ergonom\u00eda.<br \/>\nEl objetivo fue compartir, con el personal de la instituci\u00f3n informaci\u00f3n relevante para fomentar pr\u00e1cticas seguras y entorno de trabajo m\u00e1s saludables.<\/p>\n","protected":false},"excerpt":{"rendered":"<p>Impulsada por el Programa Ambiental de la instituci\u00f3n, y con colaboraci\u00f3n de la empresa DGM, JML Matafuegos y la Residencia de Enfermer\u00eda en Cuidados Cr\u00edticos, se realiz\u00f3 una jornada de promoci\u00f3n y educaci\u00f3n destinada a fortalecer el cuidado de la salud en el \u00e1mbito laboral. Durante esta actividad se dispusieron stands informativos sobre gesti\u00f3n ambiental, [&hellip;]<\/p>\n","protected":false},"featured_media":7798,"comment_status":"closed","ping_status":"closed","template":"","meta":{"_et_pb_use_builder":"","_et_pb_old_content":"","_et_gb_content_width":""},"product_cat":[18],"product_tag":[],"class_list":["post-7797","product","type-product","status-publish","has-post-thumbnail","hentry","product_cat-noticias"],"_links":{"self":[{"href":"https:\/\/www.hospitalsanbernardo.com.ar\/web\/wp-json\/wp\/v3\/product\/7797"}],"collection":[{"href":"https:\/\/www.hospitalsanbernardo.com.ar\/web\/wp-json\/wp\/v3\/product"}],"about":[{"href":"https:\/\/www.hospitalsanbernardo.com.ar\/web\/wp-json\/wp\/v2\/types\/product"}],"replies":[{"embeddable":true,"href":"https:\/\/www.hospitalsanbernardo.com.ar\/web\/wp-json\/wp\/v2\/comments?post=7797"}],"wp:featuredmedia":[{"embeddable":true,"href":"https:\/\/www.hospitalsanbernardo.com.ar\/web\/wp-json\/wp\/v2\/media\/7798"}],"wp:attachment":[{"href":"https:\/\/www.hospitalsanbernardo.com.ar\/web\/wp-json\/wp\/v2\/media?parent=7797"}],"wp:term":[{"taxonomy":"product_cat","embeddable":true,"href":"https:\/\/www.hospitalsanbernardo.com.ar\/web\/wp-json\/wp\/v2\/product_cat?post=7797"},{"taxonomy":"product_tag","embeddable":true,"href":"https:\/\/www.hospitalsanbernardo.com.ar\/web\/wp-json\/wp\/v2\/product_tag?post=7797"}],"curies":[{"name":"wp","href":"https:\/\/api.w.org\/{rel}","templated":true}]}}