{"id":7782,"date":"2026-04-15T10:53:20","date_gmt":"2026-04-15T13:53:20","guid":{"rendered":"https:\/\/www.hospitalsanbernardo.com.ar\/web\/?post_type=product&#038;p=7782"},"modified":"2026-04-15T10:55:36","modified_gmt":"2026-04-15T13:55:36","slug":"inicio-el-ciclo-2026-de-la-escuela-para-pacientes-con-acv-del-hospital-san-bernardo","status":"publish","type":"product","link":"https:\/\/www.hospitalsanbernardo.com.ar\/web\/noticias\/inicio-el-ciclo-2026-de-la-escuela-para-pacientes-con-acv-del-hospital-san-bernardo\/","title":{"rendered":"Inici\u00f3 el ciclo 2026 de la \u00abEscuela para pacientes con ACV\u00bb del Hospital San Bernardo"},"content":{"rendered":"<p>Con el objetivo de mejorar la calidad de atenci\u00f3n del paciente con ACV en etapa de rehabilitaci\u00f3n, la Unidad de ACV del Hospital San Bernardo di\u00f3 inicio al ciclo 2026 de la \u201dEscuela para pacientes con ACV\u201d.<br \/>\nEsta iniciativa, que comenz\u00f3 durante 2025, pretende brindar las herramientas educativas necesarias que permitan a los pacientes y sus familias comprender la patolog\u00eda, su tratamiento, la recuperaci\u00f3n y como prevenir un nuevo evento, mejorando su salud de manera integral.<br \/>\nEste espacio busca, adem\u00e1s, lograr una mejor adherencia al tratamiento, compromiso y empoderamiento de los pacientes.<br \/>\nEl ACV es una de las principales causas de discapacidad y muerte a nivel mundial, por eso uno de los pilares fundamentales para reducir su impacto es la educaci\u00f3n en salud para la prevenci\u00f3n, detecci\u00f3n temprana y rehabilitaci\u00f3n.<br \/>\nLa propuesta se organiza en talleres presenciales donde se comparte informaci\u00f3n relevante con familiares, cuidadores y pacientes. Cada encuentro cuenta con la participaci\u00f3n de diferentes profesionales con el objetivo de brindar una atenci\u00f3n integral y multidisciplinaria, de esta forma la \u201cEscuela para pacientes con ACV\u201d cuenta con un equipo multidisciplinario compuesto por profesionales m\u00e9dicos, enfermeros, kinesi\u00f3logos, psic\u00f3logos y fonoaudi\u00f3logos que buscan capacitar a pacientes y cuidadores en prevenci\u00f3n secundaria del ACV, factores de riesgos modificables, estrategias y ejercicios para la rehabilitaci\u00f3n motora , la rehabilitaci\u00f3n del lenguaje y salud emocional del paciente con ACV.<br \/>\nLos interesados en participar de esta propuesta prodr\u00e1n inscribirse personalmente en la Unidad de ACV del Hospital San Bernardo o a trav\u00e9s del 3875385474.<br \/>\nCronograma 2026:\u201cEscuela de pacientes con ACV\u201d<br \/>\n28 Mayo &#8211; 10:00 \u2013 Auditorio HSB<br \/>\n6 Agosto &#8211; 10:00 a 12:00 \u2013 Auditorio HSB<br \/>\n29 Octubre &#8211; 10:00 a 12:00 \u2013 Auditorio HSB<\/p>\n<p><iframe loading=\"lazy\" title=\"INICI\u00d3 EL CICLO 2026 DE LA ESCUELA PARA PACIENTES CON ACV DEL HOSPITAL SAN BERNARDO\" width=\"1080\" height=\"608\" src=\"https:\/\/www.youtube.com\/embed\/honFNTDhxpY?feature=oembed\" frameborder=\"0\" allow=\"accelerometer; autoplay; clipboard-write; encrypted-media; gyroscope; picture-in-picture; web-share\" referrerpolicy=\"strict-origin-when-cross-origin\" allowfullscreen><\/iframe><\/p>\n","protected":false},"excerpt":{"rendered":"<p>Con el objetivo de mejorar la calidad de atenci\u00f3n del paciente con ACV en etapa de rehabilitaci\u00f3n, la Unidad de ACV del Hospital San Bernardo di\u00f3 inicio al ciclo 2026 de la \u201dEscuela para pacientes con ACV\u201d. Esta iniciativa, que comenz\u00f3 durante 2025, pretende brindar las herramientas educativas necesarias que permitan a los pacientes y [&hellip;]<\/p>\n","protected":false},"featured_media":7783,"comment_status":"closed","ping_status":"closed","template":"","meta":{"_et_pb_use_builder":"","_et_pb_old_content":"","_et_gb_content_width":""},"product_cat":[18],"product_tag":[],"class_list":["post-7782","product","type-product","status-publish","has-post-thumbnail","hentry","product_cat-noticias"],"_links":{"self":[{"href":"https:\/\/www.hospitalsanbernardo.com.ar\/web\/wp-json\/wp\/v3\/product\/7782"}],"collection":[{"href":"https:\/\/www.hospitalsanbernardo.com.ar\/web\/wp-json\/wp\/v3\/product"}],"about":[{"href":"https:\/\/www.hospitalsanbernardo.com.ar\/web\/wp-json\/wp\/v2\/types\/product"}],"replies":[{"embeddable":true,"href":"https:\/\/www.hospitalsanbernardo.com.ar\/web\/wp-json\/wp\/v2\/comments?post=7782"}],"wp:featuredmedia":[{"embeddable":true,"href":"https:\/\/www.hospitalsanbernardo.com.ar\/web\/wp-json\/wp\/v2\/media\/7783"}],"wp:attachment":[{"href":"https:\/\/www.hospitalsanbernardo.com.ar\/web\/wp-json\/wp\/v2\/media?parent=7782"}],"wp:term":[{"taxonomy":"product_cat","embeddable":true,"href":"https:\/\/www.hospitalsanbernardo.com.ar\/web\/wp-json\/wp\/v2\/product_cat?post=7782"},{"taxonomy":"product_tag","embeddable":true,"href":"https:\/\/www.hospitalsanbernardo.com.ar\/web\/wp-json\/wp\/v2\/product_tag?post=7782"}],"curies":[{"name":"wp","href":"https:\/\/api.w.org\/{rel}","templated":true}]}}