{"id":7765,"date":"2026-03-19T14:05:03","date_gmt":"2026-03-19T17:05:03","guid":{"rendered":"https:\/\/www.hospitalsanbernardo.com.ar\/web\/?post_type=product&#038;p=7765"},"modified":"2026-03-19T14:16:08","modified_gmt":"2026-03-19T17:16:08","slug":"7765","status":"publish","type":"product","link":"https:\/\/www.hospitalsanbernardo.com.ar\/web\/noticias\/7765\/","title":{"rendered":"\ud83d\udccc CAMPA\u00d1A POR EL D\u00cdA NACIONAL DE LA AUDICI\u00d3N EN EL HOSPITAL SAN BERNARDO"},"content":{"rendered":"<h1>\ud83d\udccc CAMPA\u00d1A POR EL D\u00cdA NACIONAL DE LA AUDICI\u00d3N EN EL HOSPITAL SAN BERNARDO<\/h1>\n<p>En el marco del D\u00eda Nacional de la Audici\u00f3n, que se conmemora cada 28 de marzo, el Servicio de Fonoaudiolog\u00eda del Hospital San Bernardo realizar\u00e1 audiometr\u00edas a demanda espont\u00e1nea los d\u00edas jueves 26 y viernes 27 de marzo.<br \/>\nEn esta oportunidad, la campa\u00f1a contar\u00e1 tambi\u00e9n con la colaboraci\u00f3n del Servicio de Otorrinolaringolog\u00eda y estar\u00e1 dirigida a personas mayores de 15 a\u00f1os.<br \/>\nPara realizarse el estudio, los interesados deber\u00e1n anunciarse en Gesti\u00f3n de Pacientes y dirigirse posteriormente al Servicio de Fonoaudiolog\u00eda de la instituci\u00f3n (ingreso por calle Boedo). Se entregar\u00e1n 20 n\u00fameros por d\u00eda a partir de las 7.<br \/>\n<strong>Los estudios se realizar\u00e1n a partir de las 8, sin necesidad de turno previo y de manera gratuita.<\/strong><br \/>\nSe recuerda a los pacientes que, para acceder a la campa\u00f1a, deber\u00e1n presentarse con DNI. Durante esta actividad no se realizar\u00e1n aptos f\u00edsicos ni tr\u00e1mites de CUD (Certificado \u00danico de Discapacidad).<br \/>\nLa campa\u00f1a tiene como objetivo concientizar a la poblaci\u00f3n sobre la importancia del cuidado de la audici\u00f3n y la detecci\u00f3n temprana de problemas auditivos.<\/p>\n<p>\ud83d\udccdEn este marco, adem\u00e1s, el lunes 30 de marzo a partir de las 10, se realizar\u00e1 una transmisi\u00f3n en vivo a trav\u00e9s de las p\u00e1ginas de Facebook y YouTube del Hospital, donde profesionales del Servicio de Fonoaudiolog\u00eda compartir\u00e1n informaci\u00f3n y recomendaciones sobre salud auditiva.<\/p>\n","protected":false},"excerpt":{"rendered":"<p>\ud83d\udccc CAMPA\u00d1A POR EL D\u00cdA NACIONAL DE LA AUDICI\u00d3N EN EL HOSPITAL SAN BERNARDO En el marco del D\u00eda Nacional de la Audici\u00f3n, que se conmemora cada 28 de marzo, el Servicio de Fonoaudiolog\u00eda del Hospital San Bernardo realizar\u00e1 audiometr\u00edas a demanda espont\u00e1nea los d\u00edas jueves 26 y viernes 27 de marzo. En esta oportunidad, [&hellip;]<\/p>\n","protected":false},"featured_media":7767,"comment_status":"closed","ping_status":"closed","template":"","meta":{"_et_pb_use_builder":"","_et_pb_old_content":"","_et_gb_content_width":""},"product_cat":[18],"product_tag":[],"class_list":["post-7765","product","type-product","status-publish","has-post-thumbnail","hentry","product_cat-noticias"],"_links":{"self":[{"href":"https:\/\/www.hospitalsanbernardo.com.ar\/web\/wp-json\/wp\/v3\/product\/7765"}],"collection":[{"href":"https:\/\/www.hospitalsanbernardo.com.ar\/web\/wp-json\/wp\/v3\/product"}],"about":[{"href":"https:\/\/www.hospitalsanbernardo.com.ar\/web\/wp-json\/wp\/v2\/types\/product"}],"replies":[{"embeddable":true,"href":"https:\/\/www.hospitalsanbernardo.com.ar\/web\/wp-json\/wp\/v2\/comments?post=7765"}],"wp:featuredmedia":[{"embeddable":true,"href":"https:\/\/www.hospitalsanbernardo.com.ar\/web\/wp-json\/wp\/v2\/media\/7767"}],"wp:attachment":[{"href":"https:\/\/www.hospitalsanbernardo.com.ar\/web\/wp-json\/wp\/v2\/media?parent=7765"}],"wp:term":[{"taxonomy":"product_cat","embeddable":true,"href":"https:\/\/www.hospitalsanbernardo.com.ar\/web\/wp-json\/wp\/v2\/product_cat?post=7765"},{"taxonomy":"product_tag","embeddable":true,"href":"https:\/\/www.hospitalsanbernardo.com.ar\/web\/wp-json\/wp\/v2\/product_tag?post=7765"}],"curies":[{"name":"wp","href":"https:\/\/api.w.org\/{rel}","templated":true}]}}

📌 CAMPAÑA POR EL DÍA NACIONAL DE LA AUDICIÓN EN EL HOSPITAL SAN BERNARDO

<h1>📌 CAMPAÑA POR EL DÍA NACIONAL DE LA AUDICIÓN EN EL HOSPITAL SAN BERNARDO</h1>
<p>En el marco del Día Nacional de la Audición, que se conmemora cada 28 de marzo, el Servicio de Fonoaudiología del Hospital San Bernardo realizará audiometrías a demanda espontánea los días jueves 26 y viernes 27 de marzo.<br />
En esta oportunidad, la campaña contará también con la colaboración del Servicio de Otorrinolaringología y estará dirigida a personas mayores de 15 años.<br />
Para realizarse el estudio, los interesados deberán anunciarse en Gestión de Pacientes y dirigirse posteriormente al Servicio de Fonoaudiología de la institución (ingreso por calle Boedo). Se entregarán 20 números por día a partir de las 7.<br />
<strong>Los estudios se realizarán a partir de las 8, sin necesidad de turno previo y de manera gratuita.</strong><br />
Se recuerda a los pacientes que, para acceder a la campaña, deberán presentarse con DNI. Durante esta actividad no se realizarán aptos físicos ni trámites de CUD (Certificado Único de Discapacidad).<br />
La campaña tiene como objetivo concientizar a la población sobre la importancia del cuidado de la audición y la detección temprana de problemas auditivos.</p>
<p>📍En este marco, además, el lunes 30 de marzo a partir de las 10, se realizará una transmisión en vivo a través de las páginas de Facebook y YouTube del Hospital, donde profesionales del Servicio de Fonoaudiología compartirán información y recomendaciones sobre salud auditiva.</p>

<p>📌 CAMPAÑA POR EL DÍA NACIONAL DE LA AUDICIÓN EN EL HOSPITAL SAN BERNARDO En el marco del Día Nacional de la Audición, que se conmemora cada 28 de marzo, el Servicio de Fonoaudiología del Hospital San Bernardo realizará audiometrías a demanda espontánea los días jueves 26 y viernes 27 de marzo. En esta oportunidad, [&hellip;]</p>
