{"id":7568,"date":"2025-09-23T08:48:00","date_gmt":"2025-09-23T11:48:00","guid":{"rendered":"https:\/\/www.hospitalsanbernardo.com.ar\/web\/?post_type=product&#038;p=7568"},"modified":"2025-09-24T08:47:06","modified_gmt":"2025-09-24T11:47:06","slug":"nueva-tecnologia-de-inmunohematologia-para-el-servicio-de-hemoterapia-del-hsb","status":"publish","type":"product","link":"https:\/\/www.hospitalsanbernardo.com.ar\/web\/noticias\/nueva-tecnologia-de-inmunohematologia-para-el-servicio-de-hemoterapia-del-hsb\/","title":{"rendered":"Nueva tecnolog\u00eda de inmunohematolog\u00eda para el Servicio de Hemoterapia del HSB"},"content":{"rendered":"<p>Con el objetivo de optimizar los Programas y Servicios de la instituci\u00f3n y garantizar la seguridad del paciente el Servicio de Hemoterapia del Hospital San Bernardo incorpor\u00f3 nuevo equipamiento de inmunohematolog\u00eda.<br \/>\nEn esta oportunidad se trata del equipo Qwalys de Diagast, que cuenta con un sistema totalmente automatizado para optimizar el proceso de tipificaci\u00f3n sangu\u00ednea y pruebas de compatibilidad. Esta tecnolog\u00eda de vanguardia est\u00e1 dise\u00f1ada para garantizar la m\u00e1xima seguridad y eficacia en los procedimientos de transfusi\u00f3n asegurando una alta precisi\u00f3n y reproducibilidad de los resultados, eliminando la variabilidad manual y minimizando la posibilidad de errores humanos. El instrumento garantiza la trazabilidad completa de cada muestra y reactivo, lo que fortalece la cadena de seguridad desde la toma de muestra hasta la transfusi\u00f3n.<br \/>\nEn esta oportunidad el personal del Servicio de Hemoterapia particip\u00f3 de la capacitaci\u00f3n sobre el uso del nuevo equipamiento. El encuentro estuvo a cargo de EXSA SRL, una empresa distribuidora e importadora exclusivo de insumos m\u00e9dicos.<br \/>\nAl respecto Claudia Basile, jefa del Servicio de Hemoterapia, reconoci\u00f3 el logro que significa para la instituci\u00f3n la incorporaci\u00f3n de este nuevo equipamiento. \u201cCon esta incorporaci\u00f3n vamos a automatizar un trabajo diario que se venia realizando de forma manual. Es un logro enorme para nosotros estar realizando esta capacitaci\u00f3n y recibiendo este nuevo equipo que va a aportar enormemente a la capacidad y calidad de las transfusiones de sangre\u201d, finaliz\u00f3 la doctora.<br \/>\nEl equipo permite procesar un alto volumen de muestras de manera r\u00e1pida y eficiente, liberando al personal de tareas manuales repetitivas y permiti\u00e9ndoles concentrarse en an\u00e1lisis m\u00e1s complejos y cr\u00edticos.<br \/>\nPor su parte Facundo Seoane, bioqu\u00edmico de implementaciones para EXSA SRL, explic\u00f3 que el equipo asegura la calidad transfusional en todos los procesos evitando problemas a futuro.<\/p>\n<p><iframe loading=\"lazy\" title=\"NUEVA TECNOLOG\u00cdA DE INMUNOHEMATOLOG\u00cdA PARA EL SERVICIO DE HEMOTERAPIA DEL HSB\" width=\"563\" height=\"1000\" src=\"https:\/\/www.youtube.com\/embed\/Sq_4lo8cDVQ?feature=oembed\" frameborder=\"0\" allow=\"accelerometer; autoplay; clipboard-write; encrypted-media; gyroscope; picture-in-picture; web-share\" referrerpolicy=\"strict-origin-when-cross-origin\" allowfullscreen><\/iframe><\/p>\n","protected":false},"excerpt":{"rendered":"<p>Con el objetivo de optimizar los Programas y Servicios de la instituci\u00f3n y garantizar la seguridad del paciente el Servicio de Hemoterapia del Hospital San Bernardo incorpor\u00f3 nuevo equipamiento de inmunohematolog\u00eda. En esta oportunidad se trata del equipo Qwalys de Diagast, que cuenta con un sistema totalmente automatizado para optimizar el proceso de tipificaci\u00f3n sangu\u00ednea [&hellip;]<\/p>\n","protected":false},"featured_media":7577,"comment_status":"closed","ping_status":"closed","template":"","meta":{"_et_pb_use_builder":"","_et_pb_old_content":"","_et_gb_content_width":""},"product_cat":[18],"product_tag":[],"class_list":["post-7568","product","type-product","status-publish","has-post-thumbnail","hentry","product_cat-noticias"],"_links":{"self":[{"href":"https:\/\/www.hospitalsanbernardo.com.ar\/web\/wp-json\/wp\/v3\/product\/7568"}],"collection":[{"href":"https:\/\/www.hospitalsanbernardo.com.ar\/web\/wp-json\/wp\/v3\/product"}],"about":[{"href":"https:\/\/www.hospitalsanbernardo.com.ar\/web\/wp-json\/wp\/v2\/types\/product"}],"replies":[{"embeddable":true,"href":"https:\/\/www.hospitalsanbernardo.com.ar\/web\/wp-json\/wp\/v2\/comments?post=7568"}],"wp:featuredmedia":[{"embeddable":true,"href":"https:\/\/www.hospitalsanbernardo.com.ar\/web\/wp-json\/wp\/v2\/media\/7577"}],"wp:attachment":[{"href":"https:\/\/www.hospitalsanbernardo.com.ar\/web\/wp-json\/wp\/v2\/media?parent=7568"}],"wp:term":[{"taxonomy":"product_cat","embeddable":true,"href":"https:\/\/www.hospitalsanbernardo.com.ar\/web\/wp-json\/wp\/v2\/product_cat?post=7568"},{"taxonomy":"product_tag","embeddable":true,"href":"https:\/\/www.hospitalsanbernardo.com.ar\/web\/wp-json\/wp\/v2\/product_tag?post=7568"}],"curies":[{"name":"wp","href":"https:\/\/api.w.org\/{rel}","templated":true}]}}