{"id":7125,"date":"2025-04-10T14:11:06","date_gmt":"2025-04-10T17:11:06","guid":{"rendered":"https:\/\/www.hospitalsanbernardo.com.ar\/web\/?post_type=product&#038;p=7125"},"modified":"2025-04-11T14:03:40","modified_gmt":"2025-04-11T17:03:40","slug":"el-hospital-san-bernardo-inauguro-su-nuevo-bloque-administrativo","status":"publish","type":"product","link":"https:\/\/www.hospitalsanbernardo.com.ar\/web\/noticias\/el-hospital-san-bernardo-inauguro-su-nuevo-bloque-administrativo\/","title":{"rendered":"El Hospital San Bernardo inaugur\u00f3 su nuevo Bloque Administrativo"},"content":{"rendered":"<p><em>Iniciado en el 2022 el nuevo Bloque Administrativo forma parte de la Obra de Ampliaci\u00f3n y Refuncionalizaci\u00f3n del Hospital San Bernardo, que representa m\u00e1s de 11 mil metros cuadrados y m\u00e1s de 28 millones de d\u00f3lares de inversi\u00f3n.<\/em><\/p>\n<p>Tras 3 a\u00f1os de construcci\u00f3n, con la presencia del gobernador de la Provincia, Gustavo S\u00e1enz, el intendente de la ciudad, Emiliano Durand, el ministro de Salud, Federico Mangione, el gerente del hospital, Pablo Salom\u00f3n, conjuntamente con otras autoridades nacionales, provinciales y municipales, se inaugur\u00f3 el nuevo Bloque Administrativo del Hospital San Bernardo, que albergar\u00e1 m\u00e1s de 90 trabajadores y posibilitar\u00e1 dar inicio con la construcci\u00f3n del Bloque Cr\u00edtico, un edificio fundamental que representa la incorporaci\u00f3n de m\u00e1s quir\u00f3fanos, boxes y camas que beneficiar\u00e1 cuantitativa y cualitativamente en materia sanitaria a toda la Provincia.<\/p>\n<p>Al tomar la palabra, el gobernador indic\u00f3: \u201cEsta es la primera etapa y vamos a seguir trabajando para que el San Bernardo tenga lo que se merece y se convierta en el centro de referencia de salud p\u00fablica del norte y de la Argentina\u201d. \u00a0\u201cEl recurso humano ya lo tiene, continuaremos trabajando en la modernizaci\u00f3n\u201d, agreg\u00f3 S\u00e1enz.<\/p>\n<p>Al respecto, el gerente del Hospital, Pablo Salomon, garantiz\u00f3 en su alocuci\u00f3n que este es \u201cun d\u00eda hist\u00f3rico en la vida de la instituci\u00f3n que abre el camino para convertirse en un hospital emblem\u00e1tico, buque insignia de la salud p\u00fablica de la Provincia\u201d. \u201cHoy tambi\u00e9n comienza una nueva historia en la que continuamos apostando por la modernizaci\u00f3n y la capacitaci\u00f3n de nuestros profesionales\u201d. Al tiempo que a\u00f1adi\u00f3: \u201cforma parte de modernizarnos, de crecer y estar definitivamente entre los hospitales l\u00edderes de la argentina\u201d.<\/p>\n<p>Por su parte, el ministro de Salud, Federico Mangione, asegur\u00f3 que \u201cdesde la gesti\u00f3n se sigue trabajando para lograr que la salud sea completamente federal en cada rinc\u00f3n de la Provincia\u201d.<\/p>\n<p>Este nuevo edificio adem\u00e1s destina un espacio espec\u00edfico para la incorporaci\u00f3n del Servicio de Telemedicina, una prestaci\u00f3n asistencial de servicios de salud que facilitar\u00e1 la accesibilidad y seguimiento de los pacientes a trav\u00e9s de la asistencia m\u00e9dica de forma remota, teniendo en cuenta que se trata de la instituci\u00f3n de referencia en la salud p\u00fablica del noroeste argentino, asistiendo no solo a la poblaci\u00f3n que abarca los 23 departamentos de la Provincia, sino tambi\u00e9n a provincias y pa\u00edses vecinos.<\/p>\n<p>Cabe recordar que el Hospital San Bernardo, como indica uno de los puntos de su misi\u00f3n, no es solamente un establecimiento sanitarista, sino que tambi\u00e9n se ocupa de los procesos la formaci\u00f3n continua de profesionales de la salud de la propia instituci\u00f3n y el resto de la provincia de Salta, a trav\u00e9s del dictado de numerosos cursos, seminarios y capacitaciones. Es por ello que, con el objetivo de reforzar el perfil de Hospital Escuela que caracteriza a la instituci\u00f3n, dentro de este Bloque Administrativo se contempl\u00f3 un Centro de Docencia, Investigaciones y Formaci\u00f3n de profesionales de la salud. El nuevo espacio contar\u00e1 con modernas aulas y un auditorio central, con mayor capacidad y correctamente equipados para estar a la altura de las necesidades que puedan surgir.<\/p>\n<p>Por \u00faltimo, con este bloque se lleva adelante la incorporaci\u00f3n de la biblioteca virtual del HSB, a fin de promover la actividad cient\u00edfica, tecnol\u00f3gica y digital, para la formaci\u00f3n del personal.<\/p>\n<p><strong>Impacto<\/strong><\/p>\n<p>La flamante inauguraci\u00f3n permitir\u00e1, a su vez, dar inicio con la construcci\u00f3n del Bloque Cr\u00edtico, un edificio fundamental que representa la incorporaci\u00f3n de m\u00e1s quir\u00f3fanos, boxes y camas, potenciando la conectividad interna del Hospital y beneficiando directamente a m\u00e1s de un mill\u00f3n de personas. Este nuevo espacio sanitario comenzar\u00e1 a construirse inmediatamente posterior a la demolici\u00f3n del viejo edificio de Administraci\u00f3n.<\/p>\n<p>Al concluir el acto, el intendente Emiliano Durand se refiri\u00f3 a la obra: \u201cEste edificio moderno es un logro incre\u00edble ya que brindar\u00e1 atenci\u00f3n remota para pacientes de toda la Provincia gracias a la incorporaci\u00f3n de tele medicina. Esto representa un \u00e9xito para el gobierno de la Provincia, la gesti\u00f3n de la Gerencia del Hospital San Bernardo y de todos sus trabajadores\u201d.<\/p>\n<p>Al tiempo el ministro de Salud a\u00f1adi\u00f3: \u201cHemos logrado un proyecto en el que se viene trabajando desde el 2021, atravesando \u00a0muchas dificultades, pero ac\u00e1 estamos cumpliendo con la palabra del gobernador y vamos por m\u00e1s\u201d.<\/p>\n<p>\u201cQuiero destacar a todo mi equipo de trabajo, sin ellos esto no hubiera sido posible\u201d, concluy\u00f3 Salomon.<\/p>\n<p>Para finalizar, el primer mandatario provincial dijo: \u201cLes doy gracias a la familia del San Bernardo por confiar en los momentos dif\u00edciles. Me enorgullece saber que estamos cumpliendo, somos lo que hacemos, y continuaremos trabajando por y para los salte\u00f1os\u201d.<\/p>\n<p>Cabe destacar, para dimensionar los n\u00fameros que se manejan, solo en el primer trimestre de este a\u00f1o, se registr\u00f3 un total de 32.846 consultas ambulatorias y m\u00e1s de 28.700 atenciones en el Programa de Emergencias del HSB. Adem\u00e1s, fueron 6.169 las hospitalizaciones y m\u00e1s de 2.800 cirug\u00edas, de las cuales 1739 fueron programadas y 1.071 se realizaron de emergencia.<\/p>\n<p>Adem\u00e1s de representar una significativa ampliaci\u00f3n en el espacio f\u00edsico del Hospital San Bernardo, la obra suma la adquisici\u00f3n de nueva tecnolog\u00eda, lo que har\u00e1 posible una optimizaci\u00f3n de la atenci\u00f3n logrando m\u00e1s y mejores prestaciones de la instituci\u00f3n.<\/p>\n<p><iframe loading=\"lazy\" title=\"EL HOSPITAL SAN BERNARDO INAUGUR\u00d3 SU NUEVO BLOQUE ADMINISTRATIVO\" width=\"1080\" height=\"608\" src=\"https:\/\/www.youtube.com\/embed\/SmNHeDa_zaE?feature=oembed\" frameborder=\"0\" allow=\"accelerometer; autoplay; clipboard-write; encrypted-media; gyroscope; picture-in-picture; web-share\" referrerpolicy=\"strict-origin-when-cross-origin\" allowfullscreen><\/iframe><\/p>\n<p>&nbsp;<\/p>\n<p>&nbsp;<\/p>\n<p>&nbsp;<\/p>\n","protected":false},"excerpt":{"rendered":"<p>Iniciado en el 2022 el nuevo Bloque Administrativo forma parte de la Obra de Ampliaci\u00f3n y Refuncionalizaci\u00f3n del Hospital San Bernardo, que representa m\u00e1s de 11 mil metros cuadrados y m\u00e1s de 28 millones de d\u00f3lares de inversi\u00f3n. Tras 3 a\u00f1os de construcci\u00f3n, con la presencia del gobernador de la Provincia, Gustavo S\u00e1enz, el intendente [&hellip;]<\/p>\n","protected":false},"featured_media":7126,"comment_status":"closed","ping_status":"closed","template":"","meta":{"_et_pb_use_builder":"","_et_pb_old_content":"","_et_gb_content_width":""},"product_cat":[18,147],"product_tag":[],"class_list":["post-7125","product","type-product","status-publish","has-post-thumbnail","hentry","product_cat-noticias","product_cat-avance-de-obras"],"_links":{"self":[{"href":"https:\/\/www.hospitalsanbernardo.com.ar\/web\/wp-json\/wp\/v3\/product\/7125"}],"collection":[{"href":"https:\/\/www.hospitalsanbernardo.com.ar\/web\/wp-json\/wp\/v3\/product"}],"about":[{"href":"https:\/\/www.hospitalsanbernardo.com.ar\/web\/wp-json\/wp\/v2\/types\/product"}],"replies":[{"embeddable":true,"href":"https:\/\/www.hospitalsanbernardo.com.ar\/web\/wp-json\/wp\/v2\/comments?post=7125"}],"wp:featuredmedia":[{"embeddable":true,"href":"https:\/\/www.hospitalsanbernardo.com.ar\/web\/wp-json\/wp\/v2\/media\/7126"}],"wp:attachment":[{"href":"https:\/\/www.hospitalsanbernardo.com.ar\/web\/wp-json\/wp\/v2\/media?parent=7125"}],"wp:term":[{"taxonomy":"product_cat","embeddable":true,"href":"https:\/\/www.hospitalsanbernardo.com.ar\/web\/wp-json\/wp\/v2\/product_cat?post=7125"},{"taxonomy":"product_tag","embeddable":true,"href":"https:\/\/www.hospitalsanbernardo.com.ar\/web\/wp-json\/wp\/v2\/product_tag?post=7125"}],"curies":[{"name":"wp","href":"https:\/\/api.w.org\/{rel}","templated":true}]}}