{"id":6802,"date":"2024-09-27T10:11:27","date_gmt":"2024-09-27T13:11:27","guid":{"rendered":"https:\/\/www.hospitalsanbernardo.com.ar\/web\/?post_type=product&#038;p=6802"},"modified":"2024-09-27T11:10:16","modified_gmt":"2024-09-27T14:10:16","slug":"la-oficina-hospitalaria-de-violencia-contra-la-mujer-del-hsb-asistio-a-mas-de-1500-pacientes-desde-su-creacion","status":"publish","type":"product","link":"https:\/\/www.hospitalsanbernardo.com.ar\/web\/noticias\/la-oficina-hospitalaria-de-violencia-contra-la-mujer-del-hsb-asistio-a-mas-de-1500-pacientes-desde-su-creacion\/","title":{"rendered":"La Oficina Hospitalaria de Violencia contra la Mujer del HSB asisti\u00f3 a m\u00e1s de 1500 pacientes desde su creaci\u00f3n"},"content":{"rendered":"<p><i>La Oficina Hospitalaria de Violencia contra la<\/i><i>\u00a0Mujer (OHVM), activa desde el 2017 en el Hospital San Bernardo, funciona con la finalidad de dar respuesta a la problem\u00e1tica de violencia basada en el g\u00e9nero brindando un abordaje integral, desde el aspecto psicol\u00f3gico, social, jur\u00eddico y administrativo.<\/i><\/p>\n<p>La OHVM est\u00e1 constituida por un equipo interdisciplinario de profesionales de psicolog\u00eda, trabajo social y medicina de la instituci\u00f3n, quienes\u00a0buscan facilitar los accesos equitativos al Sistema de Salud y Justicia, trabajando en conjunto con la Oficina de Violencia Familiar y de G\u00e9nero del Poder Judicial, con el Ministerio P\u00fablico Fiscal y hospitales y centros\u00a0de salud, de capital\u00a0y\u00a0del interior de la Provincia.<\/p>\n<p>La Oficina Hospitalaria de Violencia contra la Mujer, posee 4 v\u00edas de ingreso, que se dividen en Guardia, Interconsulta, Demandas Espont\u00e1neas y Derivaciones.<\/p>\n<p>Desde la creaci\u00f3n del dispositivo, en el a\u00f1o 2017, hasta la actualidad ingresaron 1210 pacientes por las v\u00edas de ingreso de guardia, interconsulta y demanda espontanea. En cuanto a derivaciones, se registran un total aproximado de 315 pacientes.<\/p>\n<p>Durante el primer semestre del a\u00f1o 2024, comprendiendo los meses de enero\u00a0a junio, ingresaron al dispositivo 78 mujeres. Para cada uno de estos casos, la OHVM gestiona los recursos necesarios para asegurar la accesibilidad y continuidad del proceso de intervenci\u00f3n,\u00a0 brinda el tratamiento y apoyo psicol\u00f3gico para acompa\u00f1ar y contiene a las pacientes y familiares con el objetivo de reducir riesgos asociados con un contexto violento.<\/p>\n<p>Silvana L\u00f3pez, referente de la Oficina Hospitalaria de Violencia contra la Mujer del Hospital de San Bernardo, remarc\u00f3 la importancia de contar con este tipo de dispositivos en la instituci\u00f3n,\u00a0destacando el trabajo que se realiza con cada paciente. \u201cBrindamos asistencia, apoyo, contenci\u00f3n y tratamiento a la paciente y sus familiares. Paralelamente llevamos a cabo procesos de investigaci\u00f3n con la intenci\u00f3n que los datos obtenidos de los medios estad\u00edsticos, nos brinden informaci\u00f3n \u00fatil para la implementaci\u00f3n de estrategias orientadas a la prevenci\u00f3n,\u00a0psico\u00a0educaci\u00f3n y transmisi\u00f3n de informaci\u00f3n\u201d, finaliz\u00f3 la licenciada en psicolog\u00eda.<\/p>\n<p>El \u00e1rea social de la Oficina, realiza el seguimiento de cada caso, identificando la situaci\u00f3n social actual de la mujer, los recursos, herramientas y referentes de contenci\u00f3n con los que cuenta. Una vez identificados, eval\u00faa una posible articulaci\u00f3n con otros organismos e instituciones.<\/p>\n<p>As\u00ed tambi\u00e9n, anualmente, se lleva adelante una serie de capacitaciones que buscan la construcci\u00f3n de una red operativa entre los diferentes organismos destinados a la prevenci\u00f3n y asistencia en situaciones de violencia.<\/p>\n<p><strong><i>PROCESO DE R\u00c9PLICA DE LA OHVM<\/i><\/strong><\/p>\n<p>En 2022, dentro de las l\u00edneas de SPOTLIGHT, la Secretar\u00eda de Desarrollo Organizacional,\u00a0 se reuni\u00f3 con la Oficina Hospitalaria de Violencia contra la Mujer del HSB para analizar la r\u00e9plica\u00a0del accionar de la oficina en los hospitales de Rosario de la Frontera, Or\u00e1n y\u00a0Tartagal. Con la implementaci\u00f3n de la Oficina en otras instituciones se pretende fomentar el pensamiento cr\u00edtico y reflexivo en toda la sociedad.<\/p>\n<p>Una vez planteada la idea de replicar la experiencia, desde la Oficina del Hospital, en conjunto con la Secretar\u00eda, se comenz\u00f3 a planificar y dise\u00f1ar diferentes estrategias con el fin de compartir el funcionamiento de la misma de la forma m\u00e1s efectiva a los dem\u00e1s organismos. Este proceso propici\u00f3 el intercambio de experiencias y saberes a partir de los diferentes procedimientos, que incluyeron capacitaciones dirigidas al personal de cada hospital, donde se profundiz\u00f3 sobre conceptos como: g\u00e9nero, violencia de g\u00e9nero, identificaci\u00f3n, abordajes de violencias, directrices de atenci\u00f3n y circuitos de derivaci\u00f3n.<\/p>\n<p>Tras ello,\u00a0la Oficina Hospitalaria de Violencia contra la Mujer del HSB\u00a0se manifiesta\u00a0a disposici\u00f3n de las instituciones que requieran informaci\u00f3n, orientaci\u00f3n, sugerencias o aportes en la elaboraci\u00f3n de protocolos de acci\u00f3n enmarcados y estructurados que posibiliten respuestas integrales en situaciones de violencia.<\/p>\n","protected":false},"excerpt":{"rendered":"<p>La Oficina Hospitalaria de Violencia contra la\u00a0Mujer (OHVM), activa desde el 2017 en el Hospital San Bernardo, funciona con la finalidad de dar respuesta a la problem\u00e1tica de violencia basada en el g\u00e9nero brindando un abordaje integral, desde el aspecto psicol\u00f3gico, social, jur\u00eddico y administrativo. La OHVM est\u00e1 constituida por un equipo interdisciplinario de profesionales [&hellip;]<\/p>\n","protected":false},"featured_media":6803,"comment_status":"closed","ping_status":"closed","template":"","meta":{"_et_pb_use_builder":"","_et_pb_old_content":"","_et_gb_content_width":""},"product_cat":[18],"product_tag":[],"class_list":["post-6802","product","type-product","status-publish","has-post-thumbnail","hentry","product_cat-noticias"],"_links":{"self":[{"href":"https:\/\/www.hospitalsanbernardo.com.ar\/web\/wp-json\/wp\/v3\/product\/6802"}],"collection":[{"href":"https:\/\/www.hospitalsanbernardo.com.ar\/web\/wp-json\/wp\/v3\/product"}],"about":[{"href":"https:\/\/www.hospitalsanbernardo.com.ar\/web\/wp-json\/wp\/v2\/types\/product"}],"replies":[{"embeddable":true,"href":"https:\/\/www.hospitalsanbernardo.com.ar\/web\/wp-json\/wp\/v2\/comments?post=6802"}],"wp:featuredmedia":[{"embeddable":true,"href":"https:\/\/www.hospitalsanbernardo.com.ar\/web\/wp-json\/wp\/v2\/media\/6803"}],"wp:attachment":[{"href":"https:\/\/www.hospitalsanbernardo.com.ar\/web\/wp-json\/wp\/v2\/media?parent=6802"}],"wp:term":[{"taxonomy":"product_cat","embeddable":true,"href":"https:\/\/www.hospitalsanbernardo.com.ar\/web\/wp-json\/wp\/v2\/product_cat?post=6802"},{"taxonomy":"product_tag","embeddable":true,"href":"https:\/\/www.hospitalsanbernardo.com.ar\/web\/wp-json\/wp\/v2\/product_tag?post=6802"}],"curies":[{"name":"wp","href":"https:\/\/api.w.org\/{rel}","templated":true}]}}