{"id":6217,"date":"2023-11-24T13:28:45","date_gmt":"2023-11-24T16:28:45","guid":{"rendered":"https:\/\/www.hospitalsanbernardo.com.ar\/web\/?post_type=product&#038;p=6217"},"modified":"2023-11-24T13:48:49","modified_gmt":"2023-11-24T16:48:49","slug":"ii-jornada-de-actualizacion-en-diagnostico-por-imagenes-en-el-hsb","status":"publish","type":"product","link":"https:\/\/www.hospitalsanbernardo.com.ar\/web\/noticias\/ii-jornada-de-actualizacion-en-diagnostico-por-imagenes-en-el-hsb\/","title":{"rendered":"\u00abII Jornada de Actualizaci\u00f3n en Diagn\u00f3stico por Im\u00e1genes\u00bb en el HSB"},"content":{"rendered":"<p><em>El Servicio de Diagn\u00f3stico por Im\u00e1genes del Hospital San Bernardo realiz\u00f3, en el sal\u00f3n auditorio de la instituci\u00f3n, la \u00abII Jornada de Actualizaci\u00f3n en Diagn\u00f3stico por Im\u00e1genes\u00bb. El encuentro denominado: \u00abHospital Abierto a la Comunidad Radiol\u00f3gica\u00bb estuvo dirigido a profesionales del \u00e1rea de toda la provincia.<\/em><\/p>\n<p>Esta jornada, tuvo por objetivo capacitar a la comunidad radiol\u00f3gica sobre las diferentes problem\u00e1ticas que pueden surgir en el \u00e1rea y los avances tecnol\u00f3gicos con los que trabajan a diario. Respecto a esto el dr. Orlando Valdez, jefe del Servicio de Diagn\u00f3stico por Im\u00e1genes de la instituci\u00f3n, expres\u00f3 su satisfacci\u00f3n con la concurrencia al encuentro. \u00abEn este caso han podido concurrir profesionales de toda la provincia, como por ejemplo del Valle de Lerma y San Antonio de los Cobres, quienes han podido capacitarse en un hospital como el nuestro de alta complejidad\u00bb, concluy\u00f3 el especialista.<br \/>\nPor su parte el dr. Pablo Salom\u00f3n, gerente general del Hospital, remarc\u00f3 la importancia de este tipos de jornadas. \u00abCon estos encuentro, nuestro Hospital consolida su compromiso con la educaci\u00f3n y formaci\u00f3n de profesionales\u00bb, asegur\u00f3 Salom\u00f3n.<\/p>\n<p><iframe loading=\"lazy\" title=\"&quot;II Jornada de Actualizaci\u00f3n en Diagn\u00f3stico por Im\u00e1genes&quot; en el HSB\" width=\"1080\" height=\"810\" src=\"https:\/\/www.youtube.com\/embed\/jq0KCenXGlQ?feature=oembed\" frameborder=\"0\" allow=\"accelerometer; autoplay; clipboard-write; encrypted-media; gyroscope; picture-in-picture; web-share\" allowfullscreen><\/iframe><\/p>\n","protected":false},"excerpt":{"rendered":"<p>El Servicio de Diagn\u00f3stico por Im\u00e1genes del Hospital San Bernardo realiz\u00f3, en el sal\u00f3n auditorio de la instituci\u00f3n, la \u00abII Jornada de Actualizaci\u00f3n en Diagn\u00f3stico por Im\u00e1genes\u00bb. El encuentro denominado: \u00abHospital Abierto a la Comunidad Radiol\u00f3gica\u00bb estuvo dirigido a profesionales del \u00e1rea de toda la provincia. Esta jornada, tuvo por objetivo capacitar a la comunidad [&hellip;]<\/p>\n","protected":false},"featured_media":6219,"comment_status":"closed","ping_status":"closed","template":"","meta":{"_et_pb_use_builder":"","_et_pb_old_content":"","_et_gb_content_width":""},"product_cat":[18],"product_tag":[],"class_list":["post-6217","product","type-product","status-publish","has-post-thumbnail","hentry","product_cat-noticias"],"_links":{"self":[{"href":"https:\/\/www.hospitalsanbernardo.com.ar\/web\/wp-json\/wp\/v3\/product\/6217"}],"collection":[{"href":"https:\/\/www.hospitalsanbernardo.com.ar\/web\/wp-json\/wp\/v3\/product"}],"about":[{"href":"https:\/\/www.hospitalsanbernardo.com.ar\/web\/wp-json\/wp\/v2\/types\/product"}],"replies":[{"embeddable":true,"href":"https:\/\/www.hospitalsanbernardo.com.ar\/web\/wp-json\/wp\/v2\/comments?post=6217"}],"wp:featuredmedia":[{"embeddable":true,"href":"https:\/\/www.hospitalsanbernardo.com.ar\/web\/wp-json\/wp\/v2\/media\/6219"}],"wp:attachment":[{"href":"https:\/\/www.hospitalsanbernardo.com.ar\/web\/wp-json\/wp\/v2\/media?parent=6217"}],"wp:term":[{"taxonomy":"product_cat","embeddable":true,"href":"https:\/\/www.hospitalsanbernardo.com.ar\/web\/wp-json\/wp\/v2\/product_cat?post=6217"},{"taxonomy":"product_tag","embeddable":true,"href":"https:\/\/www.hospitalsanbernardo.com.ar\/web\/wp-json\/wp\/v2\/product_tag?post=6217"}],"curies":[{"name":"wp","href":"https:\/\/api.w.org\/{rel}","templated":true}]}}