{"id":1699,"date":"2019-09-10T11:48:50","date_gmt":"2019-09-10T14:48:50","guid":{"rendered":"https:\/\/www.hospitalsanbernardo.com.ar\/web\/?post_type=product&#038;p=1699"},"modified":"2020-05-21T12:38:41","modified_gmt":"2020-05-21T15:38:41","slug":"cuidado-criticos-de-enfermeria-en-pacientes-con-epilepsia","status":"publish","type":"product","link":"https:\/\/www.hospitalsanbernardo.com.ar\/web\/noticias\/cuidado-criticos-de-enfermeria-en-pacientes-con-epilepsia\/","title":{"rendered":"Cuidado cr\u00edticos de enfermer\u00eda en pacientes con epilepsia"},"content":{"rendered":"<p><strong>Desde la Residencia de Enfermer\u00eda en Cuidados Cr\u00edticos del hospital San Bernardo se realiz\u00f3 una exposici\u00f3n sobre \u201cCuidados de enfermer\u00eda en pacientes con epilepsia\u201d, un trabajo que destac\u00f3 la importancia de la detecci\u00f3n de riesgos y el manejo adecuado en el momento en que se desarrollan las crisis. <\/strong><\/p>\n<p>Fue en el marco de los Desayunos de Trabajo que organiza mensualmente el Comit\u00e9 Asesor de Docencia e Investigaci\u00f3n (CADI) del nosocomio. El expositor, el Licenciado en Enfermer\u00eda Ram\u00f3n Eduardo Coronel record\u00f3 que la epilepsia es uno de los trastornos neurol\u00f3gicos cr\u00f3nicos severos m\u00e1s frecuente que afectan a una proporci\u00f3n importante de la poblaci\u00f3n. A nivel mundial, la incidencia de crisis no provocadas oscila entre 50 y 70 casos cada 100.000 habitantes por a\u00f1o. En tanto, la incidencia de casos que presentan ataques continuos es de 7 a 14 cada 1.000 habitantes.<\/p>\n<p>Un estudio realizado en Argentina por el CONICET y el Centro de Neurol\u00f3gico del Hospital Ramos Mej\u00eda revela que la epilepsia se presenta en 1 de cada 200 personas, seg\u00fan detall\u00f3 Coronel. Tambi\u00e9n se\u00f1al\u00f3 que la patolog\u00eda duplica o triplica el riesgo de muerte en quien la padece y tiene una morbilidad alta, predisponiendo a los pacientes al desarrollo de enfermedades respiratorias, metab\u00f3licas y psiqui\u00e1tricas.<\/p>\n<p>Coronel explic\u00f3 que el rol del personal de enfermer\u00eda resulta fundamental no solo para la detecci\u00f3n de riesgos ante una crisis epil\u00e9ptica sino tambi\u00e9n para brindar apoyo psicol\u00f3gico y educativo tanto para el paciente como para la familia.<\/p>\n<p>A su vez record\u00f3 los cuidados que debe tener el personal de enfermer\u00eda ante la presencia de una crisis de epilepsia:<\/p>\n<ul>\n<li>Mantener la calma<\/li>\n<li>Nunca abandonar al paciente<\/li>\n<li>Pedir ayuda<\/li>\n<li>Avisar al m\u00e9dico de guardia<\/li>\n<li>Administrar ox\u00edgeno y aplicar medidas de protecci\u00f3n<\/li>\n<\/ul>\n","protected":false},"excerpt":{"rendered":"<p>Desde la Residencia de Enfermer\u00eda en Cuidados Cr\u00edticos del hospital San Bernardo se realiz\u00f3 una exposici\u00f3n sobre \u201cCuidados de enfermer\u00eda en pacientes con epilepsia\u201d, un trabajo que destac\u00f3 la importancia de la detecci\u00f3n de riesgos y el manejo adecuado en el momento en que se desarrollan las crisis. Fue en el marco de los Desayunos [&hellip;]<\/p>\n","protected":false},"featured_media":1700,"comment_status":"closed","ping_status":"closed","template":"","meta":{"_et_pb_use_builder":"","_et_pb_old_content":"","_et_gb_content_width":""},"product_cat":[40],"product_tag":[29,44,55],"class_list":["post-1699","product","type-product","status-publish","has-post-thumbnail","hentry","product_cat-cadi-memorias","product_tag-cadi","product_tag-enfermeria","product_tag-ramon-eduardo-coronel"],"_links":{"self":[{"href":"https:\/\/www.hospitalsanbernardo.com.ar\/web\/wp-json\/wp\/v3\/product\/1699"}],"collection":[{"href":"https:\/\/www.hospitalsanbernardo.com.ar\/web\/wp-json\/wp\/v3\/product"}],"about":[{"href":"https:\/\/www.hospitalsanbernardo.com.ar\/web\/wp-json\/wp\/v2\/types\/product"}],"replies":[{"embeddable":true,"href":"https:\/\/www.hospitalsanbernardo.com.ar\/web\/wp-json\/wp\/v2\/comments?post=1699"}],"wp:featuredmedia":[{"embeddable":true,"href":"https:\/\/www.hospitalsanbernardo.com.ar\/web\/wp-json\/wp\/v2\/media\/1700"}],"wp:attachment":[{"href":"https:\/\/www.hospitalsanbernardo.com.ar\/web\/wp-json\/wp\/v2\/media?parent=1699"}],"wp:term":[{"taxonomy":"product_cat","embeddable":true,"href":"https:\/\/www.hospitalsanbernardo.com.ar\/web\/wp-json\/wp\/v2\/product_cat?post=1699"},{"taxonomy":"product_tag","embeddable":true,"href":"https:\/\/www.hospitalsanbernardo.com.ar\/web\/wp-json\/wp\/v2\/product_tag?post=1699"}],"curies":[{"name":"wp","href":"https:\/\/api.w.org\/{rel}","templated":true}]}}