{"id":1641,"date":"2019-10-18T12:08:51","date_gmt":"2019-10-18T15:08:51","guid":{"rendered":"https:\/\/www.hospitalsanbernardo.com.ar\/web\/?post_type=product&#038;p=1641"},"modified":"2020-05-14T12:21:51","modified_gmt":"2020-05-14T15:21:51","slug":"ateneo-central-rehabilitacion-del-paciente-quemado","status":"publish","type":"product","link":"https:\/\/www.hospitalsanbernardo.com.ar\/web\/noticias\/ateneo-central-rehabilitacion-del-paciente-quemado\/","title":{"rendered":"Ateneo Central: rehabilitaci\u00f3n del paciente quemado"},"content":{"rendered":"<p><strong>La Licenciada en Kinesiolog\u00eda y Fisioterapia Mar\u00eda Laura Cabral expuso sobre las generalidades de la rehabilitaci\u00f3n del paciente quemado, durante el Ateneo Central organizado por el Comit\u00e9 Asesor de Docencia e Investigaci\u00f3n, el primer lunes de octubre.<\/strong><\/p>\n<p><img loading=\"lazy\" decoding=\"async\" class=\" wp-image-1643 alignleft\" src=\"https:\/\/www.hospitalsanbernardo.com.ar\/web\/wp-content\/uploads\/2020\/05\/Mar\u00eda-Laura-Cabral.png\" alt=\"\" width=\"302\" height=\"190\" \/>En la oportunidad present\u00f3 el caso de un paciente wich\u00ed de 17 a\u00f1os quien permanece internado en el hospital desde el 27 de julio, luego de sufrir una quemadura que afect\u00f3 el 55% de su cuerpo.<\/p>\n<p>Se trata de un paciente que sufri\u00f3 quemaduras en abdomen, espalda, gl\u00fateos y miembros inferiores. Hasta el momento el paciente fue intervenido quir\u00fargicamente en 17 oportunidades, encontr\u00e1ndose en el \u00e1rea cr\u00edtica del hospital donde fue asistido en kinesiolog\u00eda y fisioterapia desde el momento de su ingreso.<\/p>\n<p>Cabral indic\u00f3 que antes de cada una de las intervenciones \u2013toilette, escarectom\u00edas e injertos- el rol del kinesi\u00f3logo y fisioterapeuta consisti\u00f3 en movilizar al paciente en forma pasiva -bajo anestesia para evitar el dolor- con el objetivo de mantener el rango de movimientos articulares y tambi\u00e9n como modo de evaluaci\u00f3n de la limitaci\u00f3n funcional que gener\u00f3 la quemadura.<\/p>\n<p>Durante la exposici\u00f3n, tambi\u00e9n hizo hincapi\u00e9 en la necesidad del acompa\u00f1amiento del profesional kinesi\u00f3logo y fisioterapeuta luego de cada cirug\u00eda dado que se encarga de los cuidados posturales que requiere el paciente en cada momento, buscando evitar la retracci\u00f3n cut\u00e1nea, previniendo posturas viciosas y evitando la p\u00e9rdida de injertos.<\/p>\n<p>Entre las generalidades que requiere la rehabilitaci\u00f3n de este tipo de pacientes, Cabral subray\u00f3 la actuaci\u00f3n de su especialidad en el aspecto respiratorio, motor y d\u00e9rmato-funcional. Puntualiz\u00f3 tambi\u00e9n que en el caso del paciente en cuesti\u00f3n ser\u00e1 necesario al menos un a\u00f1o y medio de seguimiento.<\/p>\n","protected":false},"excerpt":{"rendered":"<p>La Licenciada en Kinesiolog\u00eda y Fisioterapia Mar\u00eda Laura Cabral expuso sobre las generalidades de la rehabilitaci\u00f3n del paciente quemado, durante el Ateneo Central organizado por el Comit\u00e9 Asesor de Docencia e Investigaci\u00f3n, el primer lunes de octubre. En la oportunidad present\u00f3 el caso de un paciente wich\u00ed de 17 a\u00f1os quien permanece internado en el [&hellip;]<\/p>\n","protected":false},"featured_media":1644,"comment_status":"closed","ping_status":"closed","template":"","meta":{"_et_pb_use_builder":"","_et_pb_old_content":"","_et_gb_content_width":""},"product_cat":[40],"product_tag":[],"class_list":["post-1641","product","type-product","status-publish","has-post-thumbnail","hentry","product_cat-cadi-memorias"],"_links":{"self":[{"href":"https:\/\/www.hospitalsanbernardo.com.ar\/web\/wp-json\/wp\/v3\/product\/1641"}],"collection":[{"href":"https:\/\/www.hospitalsanbernardo.com.ar\/web\/wp-json\/wp\/v3\/product"}],"about":[{"href":"https:\/\/www.hospitalsanbernardo.com.ar\/web\/wp-json\/wp\/v2\/types\/product"}],"replies":[{"embeddable":true,"href":"https:\/\/www.hospitalsanbernardo.com.ar\/web\/wp-json\/wp\/v2\/comments?post=1641"}],"wp:featuredmedia":[{"embeddable":true,"href":"https:\/\/www.hospitalsanbernardo.com.ar\/web\/wp-json\/wp\/v2\/media\/1644"}],"wp:attachment":[{"href":"https:\/\/www.hospitalsanbernardo.com.ar\/web\/wp-json\/wp\/v2\/media?parent=1641"}],"wp:term":[{"taxonomy":"product_cat","embeddable":true,"href":"https:\/\/www.hospitalsanbernardo.com.ar\/web\/wp-json\/wp\/v2\/product_cat?post=1641"},{"taxonomy":"product_tag","embeddable":true,"href":"https:\/\/www.hospitalsanbernardo.com.ar\/web\/wp-json\/wp\/v2\/product_tag?post=1641"}],"curies":[{"name":"wp","href":"https:\/\/api.w.org\/{rel}","templated":true}]}}

Ateneo Central: rehabilitación del paciente quemado

<p><strong>La Licenciada en Kinesiología y Fisioterapia María Laura Cabral expuso sobre las generalidades de la rehabilitación del paciente quemado, durante el Ateneo Central organizado por el Comité Asesor de Docencia e Investigación, el primer lunes de octubre.</strong></p>
<p><img loading="lazy" decoding="async" class=" wp-image-1643 alignleft" src="https://www.hospitalsanbernardo.com.ar/web/wp-content/uploads/2020/05/María-Laura-Cabral.png" alt="" width="302" height="190" />En la oportunidad presentó el caso de un paciente wichí de 17 años quien permanece internado en el hospital desde el 27 de julio, luego de sufrir una quemadura que afectó el 55% de su cuerpo.</p>
<p>Se trata de un paciente que sufrió quemaduras en abdomen, espalda, glúteos y miembros inferiores. Hasta el momento el paciente fue intervenido quirúrgicamente en 17 oportunidades, encontrándose en el área crítica del hospital donde fue asistido en kinesiología y fisioterapia desde el momento de su ingreso.</p>
<p>Cabral indicó que antes de cada una de las intervenciones –toilette, escarectomías e injertos- el rol del kinesiólogo y fisioterapeuta consistió en movilizar al paciente en forma pasiva -bajo anestesia para evitar el dolor- con el objetivo de mantener el rango de movimientos articulares y también como modo de evaluación de la limitación funcional que generó la quemadura.</p>
<p>Durante la exposición, también hizo hincapié en la necesidad del acompañamiento del profesional kinesiólogo y fisioterapeuta luego de cada cirugía dado que se encarga de los cuidados posturales que requiere el paciente en cada momento, buscando evitar la retracción cutánea, previniendo posturas viciosas y evitando la pérdida de injertos.</p>
<p>Entre las generalidades que requiere la rehabilitación de este tipo de pacientes, Cabral subrayó la actuación de su especialidad en el aspecto respiratorio, motor y dérmato-funcional. Puntualizó también que en el caso del paciente en cuestión será necesario al menos un año y medio de seguimiento.</p>

<p>La Licenciada en Kinesiología y Fisioterapia María Laura Cabral expuso sobre las generalidades de la rehabilitación del paciente quemado, durante el Ateneo Central organizado por el Comité Asesor de Docencia e Investigación, el primer lunes de octubre. En la oportunidad presentó el caso de un paciente wichí de 17 años quien permanece internado en el [&hellip;]</p>
