{"id":5321,"date":"2023-04-26T10:09:02","date_gmt":"2023-04-26T13:09:02","guid":{"rendered":"https:\/\/www.hospitalsanbernardo.com.ar\/web\/?page_id=5321"},"modified":"2024-02-10T09:12:11","modified_gmt":"2024-02-10T12:12:11","slug":"memorias-2","status":"publish","type":"page","link":"https:\/\/www.hospitalsanbernardo.com.ar\/web\/memorias-2\/","title":{"rendered":"Memorias"},"content":{"rendered":"<p>[et_pb_section fb_built=\u00bb1&#8243; _builder_version=\u00bb4.20.0&#8243; _module_preset=\u00bbdefault\u00bb background_color=\u00bb#dce5e8&#8243; custom_padding=\u00bb0px||0px||false|false\u00bb global_colors_info=\u00bb{}\u00bb][et_pb_row use_custom_gutter=\u00bbon\u00bb gutter_width=\u00bb1&#8243; admin_label=\u00bbFila\u00bb _builder_version=\u00bb4.20.0&#8243; _module_preset=\u00bbdefault\u00bb background_image=\u00bbhttps:\/\/www.hospitalsanbernardo.com.ar\/web\/wp-content\/uploads\/2023\/04\/logo-red-blue.png\u00bb background_size=\u00bbinitial\u00bb background_position=\u00bbcenter_left\u00bb global_colors_info=\u00bb{}\u00bb][et_pb_column type=\u00bb4_4&#8243; _builder_version=\u00bb4.20.0&#8243; _module_preset=\u00bbdefault\u00bb global_colors_info=\u00bb{}\u00bb][et_pb_post_title meta=\u00bboff\u00bb featured_image=\u00bboff\u00bb _builder_version=\u00bb4.20.0&#8243; _module_preset=\u00bbdefault\u00bb custom_margin=\u00bb16px||||false|false\u00bb custom_padding=\u00bb|||136px|false|false\u00bb global_colors_info=\u00bb{}\u00bb][\/et_pb_post_title][\/et_pb_column][\/et_pb_row][\/et_pb_section][et_pb_section fb_built=\u00bb1&#8243; _builder_version=\u00bb4.16&#8243; custom_padding=\u00bb0px|||||\u00bb global_colors_info=\u00bb{}\u00bb][et_pb_row column_structure=\u00bb1_3,2_3&#8243; use_custom_gutter=\u00bbon\u00bb _builder_version=\u00bb4.20.0&#8243; background_size=\u00bbinitial\u00bb background_position=\u00bbtop_left\u00bb background_repeat=\u00bbrepeat\u00bb custom_padding=\u00bb12px|||||\u00bb global_colors_info=\u00bb{}\u00bb][et_pb_column type=\u00bb1_3&#8243; _builder_version=\u00bb4.16&#8243; custom_padding=\u00bb|||\u00bb global_colors_info=\u00bb{}\u00bb custom_padding__hover=\u00bb|||\u00bb][et_pb_button button_url=\u00bbhttps:\/\/www.hospitalsanbernardo.com.ar\/web\/\u00bb button_text=\u00bbVolver\u00bb _builder_version=\u00bb4.20.4&#8243; _module_preset=\u00bbdefault\u00bb custom_button=\u00bbon\u00bb button_text_color=\u00bb#4f7c8e\u00bb button_border_width=\u00bb0px\u00bb button_border_radius=\u00bb0px\u00bb button_icon=\u00bb&#x38;||divi||400&#8243; button_icon_placement=\u00bbleft\u00bb button_on_hover=\u00bboff\u00bb custom_margin=\u00bb||16px|||\u00bb global_colors_info=\u00bb{}\u00bb][\/et_pb_button][dsm_menu menu_id=\u00bb65&#8243; menu_link_text_color=\u00bb#4f7c8e\u00bb active_link_color=\u00bb#4f7c8e\u00bb menu_link_text_active_color=\u00bb#4f7c8e\u00bb menu_link_text_visited_color=\u00bb#4f7c8e\u00bb menu_space_between=\u00bb8px\u00bb menu_left_space=\u00bb33px\u00bb list_style_type=\u00bbnone\u00bb _builder_version=\u00bb4.20.4&#8243; _module_preset=\u00bbdefault\u00bb menu_font=\u00bb|600|||||||\u00bb menu_font_size=\u00bb18px\u00bb sub_menu_font=\u00bb|300|||||||\u00bb background_color=\u00bb#dce5e8&#8243; custom_padding=\u00bb29px||24px||false|false\u00bb animation_style=\u00bbfade\u00bb border_radii=\u00bbon|20px|20px|20px|20px\u00bb border_style_all_submenu_collapse=\u00bbdashed\u00bb global_colors_info=\u00bb{}\u00bb][\/dsm_menu][et_pb_post_title title=\u00bboff\u00bb meta=\u00bboff\u00bb _builder_version=\u00bb4.20.4&#8243; _module_preset=\u00bbdefault\u00bb custom_margin=\u00bb||||false|false\u00bb custom_padding=\u00bb||||false|false\u00bb global_colors_info=\u00bb{}\u00bb][\/et_pb_post_title][\/et_pb_column][et_pb_column type=\u00bb2_3&#8243; _builder_version=\u00bb4.16&#8243; custom_padding=\u00bb|||\u00bb global_colors_info=\u00bb{}\u00bb custom_padding__hover=\u00bb|||\u00bb][et_pb_text _builder_version=\u00bb4.20.4&#8243; _module_preset=\u00bbdefault\u00bb header_4_font=\u00bb|600||on|||||\u00bb header_4_text_color=\u00bb#FFFFFF\u00bb header_4_font_size=\u00bb19px\u00bb background_color=\u00bb#3e5062&#8243; custom_margin=\u00bb26px|||||\u00bb custom_padding=\u00bb10px|||15px|false|false\u00bb border_radii=\u00bboff|4px|4px||\u00bb global_colors_info=\u00bb{}\u00bb]<\/p>\n<h4>Memorias<\/h4>\n<p>[\/et_pb_text][dpdfg_filtergrid custom_query=\u00bbadvanced\u00bb multiple_cpt=\u00bbproduct\u00bb use_taxonomy_terms=\u00bbon\u00bb multiple_taxonomies=\u00bbproduct_cat\u00bb include_terms=\u00bb40&#8243; post_number=\u00bb20&#8243; show_post_meta=\u00bboff\u00bb show_filters=\u00bboff\u00bb items_width=\u00bb24%\u00bb hover_icon=\u00bb&#x3b;||divi||400&#8243; overlay_icon_color=\u00bb#4f7c8e\u00bb bg_items=\u00bb#4f7c8e\u00bb woo_wrapper=\u00bboff\u00bb show_stock=\u00bbon\u00bb show_short_description=\u00bbon\u00bb items_width_tablet=\u00bb34%\u00bb items_width_phone=\u00bb30%\u00bb items_width_last_edited=\u00bbon|phone\u00bb _builder_version=\u00bb4.20.4&#8243; _module_preset=\u00bbdefault\u00bb dpdfg_entry_title_text_color=\u00bb#FFFFFF\u00bb dpdfg_entry_title_font_size=\u00bb16px\u00bb dpdfg_woo_description_font=\u00bb||||||||\u00bb dpdfg_woo_description_text_color=\u00bb#FFFFFF\u00bb dpdfg_woo_description_font_size=\u00bb12px\u00bb custom_margin=\u00bb||24px|||\u00bb global_colors_info=\u00bb{}\u00bb][\/dpdfg_filtergrid][\/et_pb_column][\/et_pb_row][\/et_pb_section]<\/p>\n","protected":false},"excerpt":{"rendered":"<p><div class=\"et_pb_with_border et_pb_module dsm_menu dsm_menu_0 et_animated  et_pb_text_align_left et_pb_bg_layout_light\">\n\t\t\t\t\n\t\t\t\t\n\t\t\t\t\n\t\t\t\t\n\t\t\t\t\n\t\t\t\t\n\t\t\t\t<div class=\"et_pb_module_inner\">\n\t\t\t\t\t<nav class=\"dsm-menu-container\" role=\"navigation\" itemscope itemtype=\"http:\/\/schema.org\/SiteNavigationElement\"><ul id=\"menu-cadi\" class=\"dsm-menu dsm-menu-style-type-none dsm-menu-layout-vertical\"><li id=\"menu-item-1747\" class=\"et_pb_menu_page_id-1740 menu-item menu-item-type-post_type menu-item-object-post menu-item-1747\"><a href=\"https:\/\/www.hospitalsanbernardo.com.ar\/web\/quienes-somos\/\" itemprop=\"url\"><span itemprop=\"name\">\u00bfQui\u00e9nes Somos?<\/span><\/a><\/li>\n<li id=\"menu-item-1746\" class=\"et_pb_menu_page_id-1742 menu-item menu-item-type-post_type menu-item-object-post menu-item-1746\"><a href=\"https:\/\/www.hospitalsanbernardo.com.ar\/web\/mision-y-vision\/\" itemprop=\"url\"><span itemprop=\"name\">Misi\u00f3n, visi\u00f3n y valores<\/span><\/a><\/li>\n<li id=\"menu-item-5325\" class=\"et_pb_menu_page_id-5321 menu-item menu-item-type-post_type menu-item-object-page menu-item-5325\"><a href=\"https:\/\/www.hospitalsanbernardo.com.ar\/web\/memorias-2\/\" itemprop=\"url\"><span itemprop=\"name\">Memorias<\/span><\/a><\/li>\n<li id=\"menu-item-2174\" class=\"et_pb_menu_page_id-1759 menu-item menu-item-type-post_type menu-item-object-page menu-item-2174\"><a href=\"https:\/\/www.hospitalsanbernardo.com.ar\/web\/ateneos-y-desayunos-de-trabajo\/\" itemprop=\"url\"><span itemprop=\"name\">Ateneo y Di\u00e1logos<\/span><\/a><\/li>\n<li id=\"menu-item-5330\" class=\"et_pb_menu_page_id-1753 menu-item menu-item-type-post_type menu-item-object-page menu-item-5330\"><a href=\"https:\/\/www.hospitalsanbernardo.com.ar\/web\/normativas\/\" itemprop=\"url\"><span itemprop=\"name\">Normativas<\/span><\/a><\/li>\n<\/ul><\/nav>\n\t\t\t\t<\/div>\n\t\t\t<\/div>Memorias<div class=\"et_pb_module dpdfg_filtergrid dpdfg_filtergrid_0\">\n\t\t\t\t\n\t\t\t\t\n\t\t\t\t\n\t\t\t\t\n\t\t\t\t\n\t\t\t\t\n\t\t\t\t<div class=\"et_pb_module_inner\">\n\t\t\t\t\t<!-- DPDFG Start Main Container --><div class=\"dp-dfg-container dp-dfg-layout-grid dp-dfg-skin-default\" data-active-filter=\"all\" data-page=\"1\" data-found-posts=\"13\" data-post-number=\"20\" data-default-filter=\"All\" data-link-filter=\"\" data-cache=\"off\" data-ratio=\"0.71\" data-show-thumb=\"on\" data-action=\"link\" data-new-window=\"off\" data-multifilter=\"off|OR\" data-multilevel=\"off|AND|off\" data-doing-ajax=\"off\" data-module=\"dpdfg_filtergrid_0\" data-search=\"off\" data-search-position=\"above\" data-filters=\"off\" data-terms-tags=\"on\" data-pagination=\"on\" data-filter-method=\"default\" data-third-party=\"\" data-lightbox=\"on|||\"><div class=\"dp-dfg-items\"><article id=\"post-6533\" class=\"dp-dfg-item post-6533 product type-product status-publish has-post-thumbnail hentry product_cat-cadi-memorias product_cat-noticias \"     data-position=\"0\"   data-new-tab=\"off\"   data-action-priority=\"item\"><figure class=\"dp-dfg-image entry-thumb\"><a href=\"https:\/\/www.hospitalsanbernardo.com.ar\/web\/noticias\/el-cadi-del-hsb-busca-promover-la-investigacion-y-los-procesos-de-formacion-continua-en-los-profesionales-de-salud-de-la-institucion\/\" class=\"dp-dfg-image-link\" ><img loading=\"lazy\" decoding=\"async\" class=\"dp-dfg-featured-image\" src=\"https:\/\/www.hospitalsanbernardo.com.ar\/web\/wp-content\/uploads\/2024\/09\/DSC9893-2-scaled-400x284.jpg\" alt=\"El CADI del HSB busca promover la investigaci\u00f3n y los procesos de formaci\u00f3n continua en los profesionales de salud de la instituci\u00f3n\" width=\"400\" height=\"284\" data-ratio=\"0.71\"\/><\/a><\/figure><div class=\"dp-dfg-overlay\"><span class=\"dfg_et_overlay\"  data-icon=\"&#x3b;\"><\/span><\/div><div class=\"dp-dfg-header entry-header\"><h2 class=\"entry-title\">El CADI del HSB busca promover la investigaci\u00f3n y los procesos de formaci\u00f3n continua en los profesionales de salud de la instituci\u00f3n<\/h2><\/div><div class=\"dp-dfg-woo-product-data\" data-gallery=\"off\" style=\"display: none;\"><\/div><\/article><!-- DPDFG End Post Item Container --><article id=\"post-6572\" class=\"dp-dfg-item post-6572 product type-product status-publish has-post-thumbnail hentry product_cat-cadi-memorias product_cat-noticias \"     data-position=\"1\"   data-new-tab=\"off\"   data-action-priority=\"item\"><figure class=\"dp-dfg-image entry-thumb\"><a href=\"https:\/\/www.hospitalsanbernardo.com.ar\/web\/noticias\/mes-de-san-bernardo-premio-anual-a-trabajos-cientificos-y-concurso-literario\/\" class=\"dp-dfg-image-link\" ><img loading=\"lazy\" decoding=\"async\" class=\"dp-dfg-featured-image\" src=\"https:\/\/www.hospitalsanbernardo.com.ar\/web\/wp-content\/uploads\/2024\/08\/DSC9952-scaled-400x284.jpg\" alt=\"Mes de San Bernardo: Premio Anual a Trabajos Cient\u00edficos Y Concurso Literario\" width=\"400\" height=\"284\" data-ratio=\"0.71\"\/><\/a><\/figure><div class=\"dp-dfg-overlay\"><span class=\"dfg_et_overlay\"  data-icon=\"&#x3b;\"><\/span><\/div><div class=\"dp-dfg-header entry-header\"><h2 class=\"entry-title\">Mes de San Bernardo: Premio Anual a Trabajos Cient\u00edficos Y Concurso Literario<\/h2><\/div><div class=\"dp-dfg-woo-product-data\" data-gallery=\"off\" style=\"display: none;\"><\/div><\/article><!-- DPDFG End Post Item Container --><article id=\"post-5836\" class=\"dp-dfg-item post-5836 product type-product status-publish has-post-thumbnail hentry product_cat-cadi-memorias product_cat-noticias \"     data-position=\"2\"   data-new-tab=\"off\"   data-action-priority=\"item\"><figure class=\"dp-dfg-image entry-thumb\"><a href=\"https:\/\/www.hospitalsanbernardo.com.ar\/web\/noticias\/mes-de-san-bernardo-premio-anual-2023\/\" class=\"dp-dfg-image-link\" ><img loading=\"lazy\" decoding=\"async\" class=\"dp-dfg-featured-image\" src=\"https:\/\/www.hospitalsanbernardo.com.ar\/web\/wp-content\/uploads\/2023\/08\/WhatsApp-Image-2023-08-08-at-09.26.18-400x284.jpeg\" alt=\"Mes de San Bernardo: Premio Anual 2023\" width=\"400\" height=\"284\" data-ratio=\"0.71\"\/><\/a><\/figure><div class=\"dp-dfg-overlay\"><span class=\"dfg_et_overlay\"  data-icon=\"&#x3b;\"><\/span><\/div><div class=\"dp-dfg-header entry-header\"><h2 class=\"entry-title\">Mes de San Bernardo: Premio Anual 2023<\/h2><\/div><div class=\"dp-dfg-woo-product-data\" data-gallery=\"off\" style=\"display: none;\"><\/div><\/article><!-- DPDFG End Post Item Container --><article id=\"post-2338\" class=\"dp-dfg-item post-2338 product type-product status-publish has-post-thumbnail hentry product_cat-cadi-memorias \"     data-position=\"3\"   data-new-tab=\"off\"   data-action-priority=\"item\"><figure class=\"dp-dfg-image entry-thumb\"><a href=\"https:\/\/www.hospitalsanbernardo.com.ar\/web\/noticias\/2338\/\" class=\"dp-dfg-image-link\" ><img loading=\"lazy\" decoding=\"async\" class=\"dp-dfg-featured-image\" src=\"https:\/\/www.hospitalsanbernardo.com.ar\/web\/wp-content\/uploads\/2020\/06\/investigaci\u00f3n-1-400x284.jpg\" alt=\"Convocatoria para inscripci\u00f3n Premio Anual San Bernardo 2020\" width=\"400\" height=\"284\" data-ratio=\"0.71\"\/><\/a><\/figure><div class=\"dp-dfg-overlay\"><span class=\"dfg_et_overlay\"  data-icon=\"&#x3b;\"><\/span><\/div><div class=\"dp-dfg-header entry-header\"><h2 class=\"entry-title\">Convocatoria para inscripci\u00f3n Premio Anual San Bernardo 2020<\/h2><\/div><div class=\"dp-dfg-woo-product-data\" data-gallery=\"off\" style=\"display: none;\"><\/div><\/article><!-- DPDFG End Post Item Container --><article id=\"post-1257\" class=\"dp-dfg-item post-1257 product type-product status-publish has-post-thumbnail hentry product_cat-cadi-memorias product_tag-cadi product_tag-cardiologia product_tag-facundo-iniguez product_tag-hipertension-arterial \"     data-position=\"4\"   data-new-tab=\"off\"   data-action-priority=\"item\"><figure class=\"dp-dfg-image entry-thumb\"><a href=\"https:\/\/www.hospitalsanbernardo.com.ar\/web\/noticias\/desayuno-de-trabajo-hipertension-arterial-en-servicios-de-emergencia-2\/\" class=\"dp-dfg-image-link\" ><img loading=\"lazy\" decoding=\"async\" class=\"dp-dfg-featured-image\" src=\"https:\/\/www.hospitalsanbernardo.com.ar\/web\/wp-content\/uploads\/2020\/05\/Guardia-de-emergencia-e1591361844371-400x284.png\" alt=\"Exposici\u00f3n: \u201cHipertensi\u00f3n arterial en servicios de emergencia\u201d\" width=\"400\" height=\"284\" data-ratio=\"0.71\"\/><\/a><\/figure><div class=\"dp-dfg-overlay\"><span class=\"dfg_et_overlay\"  data-icon=\"&#x3b;\"><\/span><\/div><div class=\"dp-dfg-header entry-header\"><h2 class=\"entry-title\">Exposici\u00f3n: \u201cHipertensi\u00f3n arterial en servicios de emergencia\u201d<\/h2><\/div><div class=\"dp-dfg-woo-product-data\" data-gallery=\"off\" style=\"display: none;\"><\/div><\/article><!-- DPDFG End Post Item Container --><article id=\"post-1267\" class=\"dp-dfg-item post-1267 product type-product status-publish has-post-thumbnail hentry product_cat-cadi-memorias product_tag-ateneo-central product_tag-cadi product_tag-daniela-martinez product_tag-hospital-onativia product_tag-mastopatia-diabetica product_tag-matias-martel product_tag-programa-de-ginecologia product_tag-sara-goronasky product_tag-servicio-de-anatomia-patologica-del-san-bernardo \"     data-position=\"5\"   data-new-tab=\"off\"   data-action-priority=\"item\"><figure class=\"dp-dfg-image entry-thumb\"><a href=\"https:\/\/www.hospitalsanbernardo.com.ar\/web\/noticias\/ateneo-central-mastopatia-diabetica\/\" class=\"dp-dfg-image-link\" ><img loading=\"lazy\" decoding=\"async\" class=\"dp-dfg-featured-image\" src=\"https:\/\/www.hospitalsanbernardo.com.ar\/web\/wp-content\/uploads\/2020\/05\/Mama-e1588862041139.png\" alt=\"Ateneo central: Mastopat\u00eda diab\u00e9tica\" width=\"171\" height=\"188\" data-ratio=\"1.0994152046784\"\/><\/a><\/figure><div class=\"dp-dfg-overlay\"><span class=\"dfg_et_overlay\"  data-icon=\"&#x3b;\"><\/span><\/div><div class=\"dp-dfg-header entry-header\"><h2 class=\"entry-title\">Ateneo central: Mastopat\u00eda diab\u00e9tica<\/h2><\/div><div class=\"dp-dfg-woo-product-data\" data-gallery=\"off\" style=\"display: none;\"><\/div><\/article><!-- DPDFG End Post Item Container --><article id=\"post-1641\" class=\"dp-dfg-item post-1641 product type-product status-publish has-post-thumbnail hentry product_cat-cadi-memorias \"     data-position=\"6\"   data-new-tab=\"off\"   data-action-priority=\"item\"><figure class=\"dp-dfg-image entry-thumb\"><a href=\"https:\/\/www.hospitalsanbernardo.com.ar\/web\/noticias\/ateneo-central-rehabilitacion-del-paciente-quemado\/\" class=\"dp-dfg-image-link\" ><img loading=\"lazy\" decoding=\"async\" class=\"dp-dfg-featured-image\" src=\"https:\/\/www.hospitalsanbernardo.com.ar\/web\/wp-content\/uploads\/2020\/05\/rehabilitaci\u00f3n-400x284.jpg\" alt=\"Ateneo Central: rehabilitaci\u00f3n del paciente quemado\" width=\"400\" height=\"284\" data-ratio=\"0.71\"\/><\/a><\/figure><div class=\"dp-dfg-overlay\"><span class=\"dfg_et_overlay\"  data-icon=\"&#x3b;\"><\/span><\/div><div class=\"dp-dfg-header entry-header\"><h2 class=\"entry-title\">Ateneo Central: rehabilitaci\u00f3n del paciente quemado<\/h2><\/div><div class=\"dp-dfg-woo-product-data\" data-gallery=\"off\" style=\"display: none;\"><\/div><\/article><!-- DPDFG End Post Item Container --><article id=\"post-1699\" class=\"dp-dfg-item post-1699 product type-product status-publish has-post-thumbnail hentry product_cat-cadi-memorias product_tag-cadi product_tag-enfermeria product_tag-ramon-eduardo-coronel \"     data-position=\"7\"   data-new-tab=\"off\"   data-action-priority=\"item\"><figure class=\"dp-dfg-image entry-thumb\"><a href=\"https:\/\/www.hospitalsanbernardo.com.ar\/web\/noticias\/cuidado-criticos-de-enfermeria-en-pacientes-con-epilepsia\/\" class=\"dp-dfg-image-link\" ><img loading=\"lazy\" decoding=\"async\" class=\"dp-dfg-featured-image\" src=\"https:\/\/www.hospitalsanbernardo.com.ar\/web\/wp-content\/uploads\/2020\/05\/foto-400x284.png\" alt=\"Cuidado cr\u00edticos de enfermer\u00eda en pacientes con epilepsia\" width=\"400\" height=\"284\" data-ratio=\"0.71\"\/><\/a><\/figure><div class=\"dp-dfg-overlay\"><span class=\"dfg_et_overlay\"  data-icon=\"&#x3b;\"><\/span><\/div><div class=\"dp-dfg-header entry-header\"><h2 class=\"entry-title\">Cuidado cr\u00edticos de enfermer\u00eda en pacientes con epilepsia<\/h2><\/div><div class=\"dp-dfg-woo-product-data\" data-gallery=\"off\" style=\"display: none;\"><\/div><\/article><!-- DPDFG End Post Item Container --><article id=\"post-1733\" class=\"dp-dfg-item post-1733 product type-product status-publish has-post-thumbnail hentry product_cat-cadi-memorias product_tag-acido-tranexamico product_tag-agustina-sanchez-cortez product_tag-anestesiologia product_tag-cardiologia product_tag-ecocardiograma product_tag-federico-guzman product_tag-monitoreo-cardiologico \"     data-position=\"8\"   data-new-tab=\"off\"   data-action-priority=\"item\"><figure class=\"dp-dfg-image entry-thumb\"><a href=\"https:\/\/www.hospitalsanbernardo.com.ar\/web\/noticias\/desayuno-de-trabajo-30-de-julio-cardiologia-anestesiologia\/\" class=\"dp-dfg-image-link\" ><img loading=\"lazy\" decoding=\"async\" class=\"dp-dfg-featured-image\" src=\"https:\/\/www.hospitalsanbernardo.com.ar\/web\/wp-content\/uploads\/2019\/08\/cirug\u00eda1-400x284.jpg\" alt=\"Desayuno de trabajo 30 de julio: Cardiolog\u00eda\/ Anestesiolog\u00eda\" width=\"400\" height=\"284\" data-ratio=\"0.71\"\/><\/a><\/figure><div class=\"dp-dfg-overlay\"><span class=\"dfg_et_overlay\"  data-icon=\"&#x3b;\"><\/span><\/div><div class=\"dp-dfg-header entry-header\"><h2 class=\"entry-title\">Desayuno de trabajo 30 de julio: Cardiolog\u00eda\/ Anestesiolog\u00eda<\/h2><\/div><div class=\"dp-dfg-woo-product-data\" data-gallery=\"off\" style=\"display: none;\"><\/div><\/article><!-- DPDFG End Post Item Container --><article id=\"post-1737\" class=\"dp-dfg-item post-1737 product type-product status-publish has-post-thumbnail hentry product_cat-cadi-memorias product_tag-maria-laura-cabral product_tag-metodo-godoy-godoy product_tag-servicio-de-rehabilitacion \"     data-position=\"9\"   data-new-tab=\"off\"   data-action-priority=\"item\"><figure class=\"dp-dfg-image entry-thumb\"><a href=\"https:\/\/www.hospitalsanbernardo.com.ar\/web\/noticias\/nuevas-terapias-para-el-drenaje-linfatico-y-su-contribucion-al-fortalecimiento-del-sistema-inmunologico\/\" class=\"dp-dfg-image-link\" ><img loading=\"lazy\" decoding=\"async\" class=\"dp-dfg-featured-image\" src=\"https:\/\/www.hospitalsanbernardo.com.ar\/web\/wp-content\/uploads\/2019\/06\/Masaje_Linfodrenaje-1-400x284.jpg\" alt=\"Nuevas terapias para el drenaje linf\u00e1tico y su contribuci\u00f3n al sistema inmunol\u00f3gico\" width=\"400\" height=\"284\" data-ratio=\"0.71\"\/><\/a><\/figure><div class=\"dp-dfg-overlay\"><span class=\"dfg_et_overlay\"  data-icon=\"&#x3b;\"><\/span><\/div><div class=\"dp-dfg-header entry-header\"><h2 class=\"entry-title\">Nuevas terapias para el drenaje linf\u00e1tico y su contribuci\u00f3n al sistema inmunol\u00f3gico<\/h2><\/div><div class=\"dp-dfg-woo-product-data\" data-gallery=\"off\" style=\"display: none;\"><\/div><\/article><!-- DPDFG End Post Item Container --><article id=\"post-1639\" class=\"dp-dfg-item post-1639 product type-product status-publish has-post-thumbnail hentry product_cat-cadi-memorias \"     data-position=\"10\"   data-new-tab=\"off\"   data-action-priority=\"item\"><figure class=\"dp-dfg-image entry-thumb\"><a href=\"https:\/\/www.hospitalsanbernardo.com.ar\/web\/noticias\/el-comite-de-bioetica-expuso-sobre-directivas-anticipadas\/\" class=\"dp-dfg-image-link\" ><img loading=\"lazy\" decoding=\"async\" class=\"dp-dfg-featured-image\" src=\"https:\/\/www.hospitalsanbernardo.com.ar\/web\/wp-content\/uploads\/2020\/05\/Equipo1-400x284.jpg\" alt=\"El Comit\u00e9 de Bio\u00e9tica expuso sobre Directivas Anticipadas\" width=\"400\" height=\"284\" data-ratio=\"0.71\"\/><\/a><\/figure><div class=\"dp-dfg-overlay\"><span class=\"dfg_et_overlay\"  data-icon=\"&#x3b;\"><\/span><\/div><div class=\"dp-dfg-header entry-header\"><h2 class=\"entry-title\">El Comit\u00e9 de Bio\u00e9tica expuso sobre Directivas Anticipadas<\/h2><\/div><div class=\"dp-dfg-woo-product-data\" data-gallery=\"off\" style=\"display: none;\"><\/div><\/article><!-- DPDFG End Post Item Container --><article id=\"post-1739\" class=\"dp-dfg-item post-1739 product type-product status-publish has-post-thumbnail hentry product_cat-cadi-memorias product_tag-jesus-arancibia product_tag-reanimacion-hipotensiva product_tag-servicio-de-anestesiologia \"     data-position=\"11\"   data-new-tab=\"off\"   data-action-priority=\"item\"><figure class=\"dp-dfg-image entry-thumb\"><a href=\"https:\/\/www.hospitalsanbernardo.com.ar\/web\/noticias\/anestesiologia-reanimacion-hipotensiva-en-el-paciente-traumatizado\/\" class=\"dp-dfg-image-link\" ><img loading=\"lazy\" decoding=\"async\" class=\"dp-dfg-featured-image\" src=\"https:\/\/www.hospitalsanbernardo.com.ar\/web\/wp-content\/uploads\/2020\/05\/Operativo-en-Tartagal-400x284.jpg\" alt=\"Anestesiolog\u00eda: Reanimaci\u00f3n hipotensiva en el paciente traumatizado\" width=\"400\" height=\"284\" data-ratio=\"0.71\"\/><\/a><\/figure><div class=\"dp-dfg-overlay\"><span class=\"dfg_et_overlay\"  data-icon=\"&#x3b;\"><\/span><\/div><div class=\"dp-dfg-header entry-header\"><h2 class=\"entry-title\">Anestesiolog\u00eda: Reanimaci\u00f3n hipotensiva en el paciente traumatizado<\/h2><\/div><div class=\"dp-dfg-woo-product-data\" data-gallery=\"off\" style=\"display: none;\"><\/div><\/article><!-- DPDFG End Post Item Container --><article id=\"post-1838\" class=\"dp-dfg-item post-1838 product type-product status-publish has-post-thumbnail hentry product_cat-cadi-memorias product_tag-cadi product_tag-miguel-plaza product_tag-programa-comunitario product_tag-pueblos-originarios \"     data-position=\"12\"   data-new-tab=\"off\"   data-action-priority=\"item\"><figure class=\"dp-dfg-image entry-thumb\"><a href=\"https:\/\/www.hospitalsanbernardo.com.ar\/web\/noticias\/aspectos-epidemiologicos-de-pueblos-originarios-a-traves-de-la-experiencia-medica\/\" class=\"dp-dfg-image-link\" ><img loading=\"lazy\" decoding=\"async\" class=\"dp-dfg-featured-image\" src=\"https:\/\/www.hospitalsanbernardo.com.ar\/web\/wp-content\/uploads\/2020\/05\/Desayuno-de-Trabajo-Miguel-Plaza-400x284.jpg\" alt=\"Aspectos epidemiol\u00f3gicos de pueblos originarios a trav\u00e9s de la experiencia m\u00e9dica\" width=\"400\" height=\"284\" data-ratio=\"0.71\"\/><\/a><\/figure><div class=\"dp-dfg-overlay\"><span class=\"dfg_et_overlay\"  data-icon=\"&#x3b;\"><\/span><\/div><div class=\"dp-dfg-header entry-header\"><h2 class=\"entry-title\">Aspectos epidemiol\u00f3gicos de pueblos originarios a trav\u00e9s de la experiencia m\u00e9dica<\/h2><\/div><div class=\"dp-dfg-woo-product-data\" data-gallery=\"off\" style=\"display: none;\"><\/div><\/article><!-- DPDFG End Post Item Container --><\/div><!-- DPDFG End Posts Items Container --><\/div><!-- DPDFG End Main Container -->\n\t\t\t\t<\/div>\n\t\t\t<\/div><\/p>\n","protected":false},"author":1,"featured_media":0,"parent":0,"menu_order":0,"comment_status":"closed","ping_status":"closed","template":"page-template-fullwidth.php","meta":{"_et_pb_use_builder":"on","_et_pb_old_content":"","_et_gb_content_width":"","footnotes":""},"class_list":["post-5321","page","type-page","status-publish","hentry"],"_links":{"self":[{"href":"https:\/\/www.hospitalsanbernardo.com.ar\/web\/wp-json\/wp\/v2\/pages\/5321"}],"collection":[{"href":"https:\/\/www.hospitalsanbernardo.com.ar\/web\/wp-json\/wp\/v2\/pages"}],"about":[{"href":"https:\/\/www.hospitalsanbernardo.com.ar\/web\/wp-json\/wp\/v2\/types\/page"}],"author":[{"embeddable":true,"href":"https:\/\/www.hospitalsanbernardo.com.ar\/web\/wp-json\/wp\/v2\/users\/1"}],"replies":[{"embeddable":true,"href":"https:\/\/www.hospitalsanbernardo.com.ar\/web\/wp-json\/wp\/v2\/comments?post=5321"}],"version-history":[{"count":3,"href":"https:\/\/www.hospitalsanbernardo.com.ar\/web\/wp-json\/wp\/v2\/pages\/5321\/revisions"}],"predecessor-version":[{"id":5327,"href":"https:\/\/www.hospitalsanbernardo.com.ar\/web\/wp-json\/wp\/v2\/pages\/5321\/revisions\/5327"}],"wp:attachment":[{"href":"https:\/\/www.hospitalsanbernardo.com.ar\/web\/wp-json\/wp\/v2\/media?parent=5321"}],"curies":[{"name":"wp","href":"https:\/\/api.w.org\/{rel}","templated":true}]}}